{"id":5825,"date":"2017-07-12T20:07:56","date_gmt":"2017-07-12T20:07:56","guid":{"rendered":"https:\/\/2016.balancosocialbffc.com.br\/?page_id=5825"},"modified":"2017-08-01T18:21:06","modified_gmt":"2017-08-01T18:21:06","slug":"universidade-corporativa-3","status":"publish","type":"page","link":"https:\/\/2016.balancosocialbffc.com.br\/index.php\/universidade-corporativa-3\/","title":{"rendered":"CURSOS"},"content":{"rendered":"<p>[vc_row][vc_column width=&#8221;2\/3&#8243;][vc_custom_heading text=&#8221;O Craque \u00e9 Voc\u00ea&#8221; font_container=&#8221;tag:h2|text_align:left|color:%2360ae0d&#8221; use_theme_fonts=&#8221;yes&#8221;][vc_column_text]<\/p>\n<h5>Trabalhar de forma l\u00fadica e din\u00e2mica os conceitos da Nova Oferta que dever\u00e3o ser aplicados na rotina de trabalho das equipes das lojas. Permite um contexto did\u00e1tico diferente que promova a integra\u00e7\u00e3o das equipes de diferentes turnos e responsabilidades, bem como despertar o senso de responsabilidade de todos os envolvidos no que se refere a gerar uma experi\u00eancia completa e agrad\u00e1vel ao cliente. E motivar e valorizar as equipes.<\/h5>\n<p>[\/vc_column_text][\/vc_column][vc_column width=&#8221;1\/3&#8243;][vc_empty_space][vc_single_image image=&#8221;5610&#8243; img_size=&#8221;full&#8221;][\/vc_column][\/vc_row][vc_row][vc_column][vc_separator color=&#8221;green&#8221; border_width=&#8221;2&#8243;][vc_empty_space][\/vc_column][\/vc_row][vc_row][vc_column width=&#8221;2\/3&#8243;][vc_custom_heading text=&#8221;Encontro de Monitores&#8221; font_container=&#8221;tag:h2|text_align:left|color:%2360ae0d&#8221; use_theme_fonts=&#8221;yes&#8221;][vc_column_text]<\/p>\n<h5>Cursos para capacita\u00e7\u00e3o e desenvolvimentos de Monitores com conte\u00fados comportamentais e t\u00e9cnicos da sua \u00e1rea de atua\u00e7\u00e3o, abordando os temas comunica\u00e7\u00e3o, relacionamento interpessoal, motiva\u00e7\u00e3o, habilidades t\u00e9cnicas e seguran\u00e7a alimentar.<\/h5>\n<p>[\/vc_column_text][\/vc_column][vc_column width=&#8221;1\/3&#8243;][vc_gallery interval=&#8221;3&#8243; images=&#8221;6130,6131&#8243; img_size=&#8221;400&#215;199&#8243; onclick=&#8221;&#8221;][\/vc_column][\/vc_row][vc_row][vc_column][vc_separator color=&#8221;green&#8221; border_width=&#8221;2&#8243;][vc_empty_space][\/vc_column][\/vc_row][vc_row][vc_column width=&#8221;2\/3&#8243;][vc_custom_heading text=&#8221;Gest\u00e3o de Vendas&#8221; font_container=&#8221;tag:h2|text_align:left|color:%2360ae0d&#8221; use_theme_fonts=&#8221;yes&#8221;][vc_column_text]<\/p>\n<h5>O curso de gest\u00e3o de vendas tem por objetivo oferecer aos participantes compet\u00eancias e habilidades para buscar oportunidades atrav\u00e9s de uma boa gest\u00e3o vendas abordando os temas : aumentando as vendas, formando uma equipe vendedora, como encantar os clientes, atendimento personalizado, script de vendas.<\/h5>\n<p>[\/vc_column_text][\/vc_column][vc_column width=&#8221;1\/3&#8243;][vc_single_image image=&#8221;6133&#8243; img_size=&#8221;400&#215;200&#8243;][\/vc_column][\/vc_row][vc_row][vc_column][vc_separator color=&#8221;green&#8221; border_width=&#8221;2&#8243;][vc_empty_space][\/vc_column][\/vc_row][vc_row][vc_column width=&#8221;2\/3&#8243;][vc_custom_heading text=&#8221;Analise de oportunidades do Neg\u00f3cio&#8221; font_container=&#8221;tag:h2|text_align:left|color:%2360ae0d&#8221; use_theme_fonts=&#8221;yes&#8221;][vc_column_text]<\/p>\n<h5>O Curso An\u00e1lise de Oportunidades do Neg\u00f3cio, oferece aos participantes temas relevantes ao dia a dia em loja na \u00e1rea de finan\u00e7as e controles, afim de uma boa gest\u00e3o financeira da loja. No curso s\u00e3o abordados os temas regime de caixa e compet\u00eancia, custos fixos e vari\u00e1veis, ponto de Equil\u00edbrio (Break-even), custo de Mercadoria Vendida, mix de Produtos, margem, CM, Produtividade, Lucros e Perdas e principais influenciadores, CMV Te\u00f3rico e conhecendo os principais indicadores de desempenho (KPI\u2019s).<\/h5>\n<p>[\/vc_column_text][\/vc_column][vc_column width=&#8221;1\/3&#8243;][vc_single_image image=&#8221;6134&#8243; img_size=&#8221;400&#215;200&#8243;][\/vc_column][\/vc_row][vc_row][vc_column][vc_separator color=&#8221;green&#8221; border_width=&#8221;2&#8243;][vc_empty_space][\/vc_column][\/vc_row][vc_row][vc_column width=&#8221;2\/3&#8243;][vc_custom_heading text=&#8221;Encontro de GGR&#8221; font_container=&#8221;tag:h2|text_align:left|color:%2360ae0d&#8221; use_theme_fonts=&#8221;yes&#8221;][vc_column_text]<\/p>\n<h5>Tem por objetivo capacitar e desenvolver os gerentes nas compet\u00eancias essenciais para o neg\u00f3cio e nos v\u00e1rios processos de gest\u00e3o, para uma melhor administra\u00e7\u00e3o, potencializa\u00e7\u00e3o e reten\u00e7\u00e3o do capital humano.<\/h5>\n<p>[\/vc_column_text][\/vc_column][vc_column width=&#8221;1\/3&#8243;][vc_gallery interval=&#8221;3&#8243; images=&#8221;5842,5843,5844&#8243; img_size=&#8221;400&#215;300&#8243; onclick=&#8221;&#8221;][\/vc_column][\/vc_row][vc_row][vc_column][vc_separator color=&#8221;green&#8221; border_width=&#8221;2&#8243;][vc_empty_space][\/vc_column][\/vc_row][vc_row][vc_column width=&#8221;2\/3&#8243;][vc_custom_heading text=&#8221;Ciclo de Treinamento&#8221; font_container=&#8221;tag:h2|text_align:left|color:%2360ae0d&#8221; use_theme_fonts=&#8221;yes&#8221;][vc_column_text]<\/p>\n<h5>Nosso objetivo \u00e9 capacitar e desenvolver Consultores de Campo, Supervisores e equipe de Expans\u00e3o para atua\u00e7\u00e3o nas unidades da Franqueadora, visando resultados, processos continuados, otimiza\u00e7\u00e3o da Marca, Rentabilidade ao Franqueado e Franqueadora.<\/h5>\n<p>[\/vc_column_text][\/vc_column][vc_column width=&#8221;1\/3&#8243;][vc_gallery interval=&#8221;3&#8243; images=&#8221;5849,5850&#8243; img_size=&#8221;400&#215;300&#8243; onclick=&#8221;&#8221;][\/vc_column][\/vc_row][vc_row][vc_column][vc_separator color=&#8221;green&#8221; border_width=&#8221;2&#8243;][vc_empty_space][\/vc_column][\/vc_row][vc_row][vc_column width=&#8221;2\/3&#8243;][vc_custom_heading text=&#8221;Produto Perfeito&#8221; font_container=&#8221;tag:h2|text_align:left|color:%2360ae0d&#8221; use_theme_fonts=&#8221;yes&#8221;][vc_column_text]<\/p>\n<h5>Treinamento t\u00e9cnico de qualidade com foco nos produtos, abordando os temas sobre a seguran\u00e7a do alimento, tipos de perigos, no\u00e7\u00f5es de microbiologia, contamina\u00e7\u00e3o cruzada, recebimento e armazenamento.<\/h5>\n<p>[\/vc_column_text][\/vc_column][vc_column width=&#8221;1\/3&#8243;][vc_single_image image=&#8221;6136&#8243; img_size=&#8221;400&#215;267&#8243;][\/vc_column][\/vc_row][vc_row][vc_column][vc_separator color=&#8221;green&#8221; border_width=&#8221;2&#8243;][vc_empty_space][\/vc_column][\/vc_row][vc_row][vc_column width=&#8221;2\/3&#8243;][vc_custom_heading text=&#8221;Encontro de Assistentes&#8221; font_container=&#8221;tag:h2|text_align:left|color:%2360ae0d&#8221; use_theme_fonts=&#8221;yes&#8221;][vc_column_text]<\/p>\n<h5>Capacitar e desenvolver os Assistentes atrav\u00e9s de treinamentos t\u00e9cnicos e comportamentais sobre as compet\u00eancias e habilidades da fun\u00e7\u00e3o, abordando os temas garantindo um ambiente de respeito, Q.S.L e o caminho cr\u00edtico da qualidade.<\/h5>\n<p>[\/vc_column_text][\/vc_column][vc_column width=&#8221;1\/3&#8243;][vc_single_image image=&#8221;6137&#8243; img_size=&#8221;400&#215;267&#8243;][\/vc_column][\/vc_row][vc_row][vc_column][vc_separator color=&#8221;green&#8221; border_width=&#8221;2&#8243;][vc_empty_space][\/vc_column][\/vc_row][vc_row][vc_column width=&#8221;2\/3&#8243;][vc_custom_heading text=&#8221;Rotinas B\u00e1sicas Degust&#8221; font_container=&#8221;tag:h2|text_align:left|color:%2360ae0d&#8221; use_theme_fonts=&#8221;yes&#8221;][vc_column_text]<\/p>\n<h5>Objetivo de oferecer aos participantes temas relevantes ao dia a dia em loja para uma boa gest\u00e3o financeira, controle, vendas e estoque atrav\u00e9s de uma boa utiliza\u00e7\u00e3o do sistema de automa\u00e7\u00e3o Degust.<\/h5>\n<p>[\/vc_column_text][\/vc_column][vc_column width=&#8221;1\/3&#8243;][vc_single_image image=&#8221;6138&#8243; img_size=&#8221;400&#215;267&#8243;][\/vc_column][\/vc_row]<\/p>\n","protected":false},"excerpt":{"rendered":"<p>[vc_row][vc_column width=&#8221;2\/3&#8243;][vc_custom_heading text=&#8221;O Craque \u00e9 Voc\u00ea&#8221; font_container=&#8221;tag:h2|text_align:left|color:%2360ae0d&#8221; use_theme_fonts=&#8221;yes&#8221;][vc_column_text] Trabalhar de forma l\u00fadica e din\u00e2mica os conceitos da Nova Oferta que dever\u00e3o ser aplicados na rotina de trabalho das equipes das lojas. Permite um contexto did\u00e1tico diferente que promova a integra\u00e7\u00e3o das equipes de diferentes turnos e responsabilidades, bem como despertar o senso de responsabilidade de [&hellip;]<\/p>\n","protected":false},"author":1,"featured_media":0,"parent":0,"menu_order":0,"comment_status":"open","ping_status":"open","template":"","meta":{"footnotes":""},"class_list":["post-5825","page","type-page","status-publish","hentry"],"_links":{"self":[{"href":"https:\/\/2016.balancosocialbffc.com.br\/index.php\/wp-json\/wp\/v2\/pages\/5825","targetHints":{"allow":["GET"]}}],"collection":[{"href":"https:\/\/2016.balancosocialbffc.com.br\/index.php\/wp-json\/wp\/v2\/pages"}],"about":[{"href":"https:\/\/2016.balancosocialbffc.com.br\/index.php\/wp-json\/wp\/v2\/types\/page"}],"author":[{"embeddable":true,"href":"https:\/\/2016.balancosocialbffc.com.br\/index.php\/wp-json\/wp\/v2\/users\/1"}],"replies":[{"embeddable":true,"href":"https:\/\/2016.balancosocialbffc.com.br\/index.php\/wp-json\/wp\/v2\/comments?post=5825"}],"version-history":[{"count":10,"href":"https:\/\/2016.balancosocialbffc.com.br\/index.php\/wp-json\/wp\/v2\/pages\/5825\/revisions"}],"predecessor-version":[{"id":6139,"href":"https:\/\/2016.balancosocialbffc.com.br\/index.php\/wp-json\/wp\/v2\/pages\/5825\/revisions\/6139"}],"wp:attachment":[{"href":"https:\/\/2016.balancosocialbffc.com.br\/index.php\/wp-json\/wp\/v2\/media?parent=5825"}],"curies":[{"name":"wp","href":"https:\/\/api.w.org\/{rel}","templated":true}]}}

<p>[vc_row][vc_column width=&#8221;2/3&#8243;][vc_custom_heading text=&#8221;O Craque é Você&#8221; font_container=&#8221;tag:h2|text_align:left|color:%2360ae0d&#8221; use_theme_fonts=&#8221;yes&#8221;][vc_column_text]</p>
<h5>Trabalhar de forma lúdica e dinâmica os conceitos da Nova Oferta que deverão ser aplicados na rotina de trabalho das equipes das lojas. Permite um contexto didático diferente que promova a integração das equipes de diferentes turnos e responsabilidades, bem como despertar o senso de responsabilidade de todos os envolvidos no que se refere a gerar uma experiência completa e agradável ao cliente. E motivar e valorizar as equipes.</h5>
<p>[/vc_column_text][/vc_column][vc_column width=&#8221;1/3&#8243;][vc_empty_space][vc_single_image image=&#8221;5610&#8243; img_size=&#8221;full&#8221;][/vc_column][/vc_row][vc_row][vc_column][vc_separator color=&#8221;green&#8221; border_width=&#8221;2&#8243;][vc_empty_space][/vc_column][/vc_row][vc_row][vc_column width=&#8221;2/3&#8243;][vc_custom_heading text=&#8221;Encontro de Monitores&#8221; font_container=&#8221;tag:h2|text_align:left|color:%2360ae0d&#8221; use_theme_fonts=&#8221;yes&#8221;][vc_column_text]</p>
<h5>Cursos para capacitação e desenvolvimentos de Monitores com conteúdos comportamentais e técnicos da sua área de atuação, abordando os temas comunicação, relacionamento interpessoal, motivação, habilidades técnicas e segurança alimentar.</h5>
<p>[/vc_column_text][/vc_column][vc_column width=&#8221;1/3&#8243;][vc_gallery interval=&#8221;3&#8243; images=&#8221;6130,6131&#8243; img_size=&#8221;400&#215;199&#8243; onclick=&#8221;&#8221;][/vc_column][/vc_row][vc_row][vc_column][vc_separator color=&#8221;green&#8221; border_width=&#8221;2&#8243;][vc_empty_space][/vc_column][/vc_row][vc_row][vc_column width=&#8221;2/3&#8243;][vc_custom_heading text=&#8221;Gestão de Vendas&#8221; font_container=&#8221;tag:h2|text_align:left|color:%2360ae0d&#8221; use_theme_fonts=&#8221;yes&#8221;][vc_column_text]</p>
<h5>O curso de gestão de vendas tem por objetivo oferecer aos participantes competências e habilidades para buscar oportunidades através de uma boa gestão vendas abordando os temas : aumentando as vendas, formando uma equipe vendedora, como encantar os clientes, atendimento personalizado, script de vendas.</h5>
<p>[/vc_column_text][/vc_column][vc_column width=&#8221;1/3&#8243;][vc_single_image image=&#8221;6133&#8243; img_size=&#8221;400&#215;200&#8243;][/vc_column][/vc_row][vc_row][vc_column][vc_separator color=&#8221;green&#8221; border_width=&#8221;2&#8243;][vc_empty_space][/vc_column][/vc_row][vc_row][vc_column width=&#8221;2/3&#8243;][vc_custom_heading text=&#8221;Analise de oportunidades do Negócio&#8221; font_container=&#8221;tag:h2|text_align:left|color:%2360ae0d&#8221; use_theme_fonts=&#8221;yes&#8221;][vc_column_text]</p>
<h5>O Curso Análise de Oportunidades do Negócio, oferece aos participantes temas relevantes ao dia a dia em loja na área de finanças e controles, afim de uma boa gestão financeira da loja. No curso são abordados os temas regime de caixa e competência, custos fixos e variáveis, ponto de Equilíbrio (Break-even), custo de Mercadoria Vendida, mix de Produtos, margem, CM, Produtividade, Lucros e Perdas e principais influenciadores, CMV Teórico e conhecendo os principais indicadores de desempenho (KPI’s).</h5>
<p>[/vc_column_text][/vc_column][vc_column width=&#8221;1/3&#8243;][vc_single_image image=&#8221;6134&#8243; img_size=&#8221;400&#215;200&#8243;][/vc_column][/vc_row][vc_row][vc_column][vc_separator color=&#8221;green&#8221; border_width=&#8221;2&#8243;][vc_empty_space][/vc_column][/vc_row][vc_row][vc_column width=&#8221;2/3&#8243;][vc_custom_heading text=&#8221;Encontro de GGR&#8221; font_container=&#8221;tag:h2|text_align:left|color:%2360ae0d&#8221; use_theme_fonts=&#8221;yes&#8221;][vc_column_text]</p>
<h5>Tem por objetivo capacitar e desenvolver os gerentes nas competências essenciais para o negócio e nos vários processos de gestão, para uma melhor administração, potencialização e retenção do capital humano.</h5>
<p>[/vc_column_text][/vc_column][vc_column width=&#8221;1/3&#8243;][vc_gallery interval=&#8221;3&#8243; images=&#8221;5842,5843,5844&#8243; img_size=&#8221;400&#215;300&#8243; onclick=&#8221;&#8221;][/vc_column][/vc_row][vc_row][vc_column][vc_separator color=&#8221;green&#8221; border_width=&#8221;2&#8243;][vc_empty_space][/vc_column][/vc_row][vc_row][vc_column width=&#8221;2/3&#8243;][vc_custom_heading text=&#8221;Ciclo de Treinamento&#8221; font_container=&#8221;tag:h2|text_align:left|color:%2360ae0d&#8221; use_theme_fonts=&#8221;yes&#8221;][vc_column_text]</p>
<h5>Nosso objetivo é capacitar e desenvolver Consultores de Campo, Supervisores e equipe de Expansão para atuação nas unidades da Franqueadora, visando resultados, processos continuados, otimização da Marca, Rentabilidade ao Franqueado e Franqueadora.</h5>
<p>[/vc_column_text][/vc_column][vc_column width=&#8221;1/3&#8243;][vc_gallery interval=&#8221;3&#8243; images=&#8221;5849,5850&#8243; img_size=&#8221;400&#215;300&#8243; onclick=&#8221;&#8221;][/vc_column][/vc_row][vc_row][vc_column][vc_separator color=&#8221;green&#8221; border_width=&#8221;2&#8243;][vc_empty_space][/vc_column][/vc_row][vc_row][vc_column width=&#8221;2/3&#8243;][vc_custom_heading text=&#8221;Produto Perfeito&#8221; font_container=&#8221;tag:h2|text_align:left|color:%2360ae0d&#8221; use_theme_fonts=&#8221;yes&#8221;][vc_column_text]</p>
<h5>Treinamento técnico de qualidade com foco nos produtos, abordando os temas sobre a segurança do alimento, tipos de perigos, noções de microbiologia, contaminação cruzada, recebimento e armazenamento.</h5>
<p>[/vc_column_text][/vc_column][vc_column width=&#8221;1/3&#8243;][vc_single_image image=&#8221;6136&#8243; img_size=&#8221;400&#215;267&#8243;][/vc_column][/vc_row][vc_row][vc_column][vc_separator color=&#8221;green&#8221; border_width=&#8221;2&#8243;][vc_empty_space][/vc_column][/vc_row][vc_row][vc_column width=&#8221;2/3&#8243;][vc_custom_heading text=&#8221;Encontro de Assistentes&#8221; font_container=&#8221;tag:h2|text_align:left|color:%2360ae0d&#8221; use_theme_fonts=&#8221;yes&#8221;][vc_column_text]</p>
<h5>Capacitar e desenvolver os Assistentes através de treinamentos técnicos e comportamentais sobre as competências e habilidades da função, abordando os temas garantindo um ambiente de respeito, Q.S.L e o caminho crítico da qualidade.</h5>
<p>[/vc_column_text][/vc_column][vc_column width=&#8221;1/3&#8243;][vc_single_image image=&#8221;6137&#8243; img_size=&#8221;400&#215;267&#8243;][/vc_column][/vc_row][vc_row][vc_column][vc_separator color=&#8221;green&#8221; border_width=&#8221;2&#8243;][vc_empty_space][/vc_column][/vc_row][vc_row][vc_column width=&#8221;2/3&#8243;][vc_custom_heading text=&#8221;Rotinas Básicas Degust&#8221; font_container=&#8221;tag:h2|text_align:left|color:%2360ae0d&#8221; use_theme_fonts=&#8221;yes&#8221;][vc_column_text]</p>
<h5>Objetivo de oferecer aos participantes temas relevantes ao dia a dia em loja para uma boa gestão financeira, controle, vendas e estoque através de uma boa utilização do sistema de automação Degust.</h5>
<p>[/vc_column_text][/vc_column][vc_column width=&#8221;1/3&#8243;][vc_single_image image=&#8221;6138&#8243; img_size=&#8221;400&#215;267&#8243;][/vc_column][/vc_row]</p>

<p>[vc_row][vc_column width=&#8221;2/3&#8243;][vc_custom_heading text=&#8221;O Craque é Você&#8221; font_container=&#8221;tag:h2|text_align:left|color:%2360ae0d&#8221; use_theme_fonts=&#8221;yes&#8221;][vc_column_text] Trabalhar de forma lúdica e dinâmica os conceitos da Nova Oferta que deverão ser aplicados na rotina de trabalho das equipes das lojas. Permite um contexto didático diferente que promova a integração das equipes de diferentes turnos e responsabilidades, bem como despertar o senso de responsabilidade de [&hellip;]</p>
