{"id":5816,"date":"2017-07-12T16:47:46","date_gmt":"2017-07-12T16:47:46","guid":{"rendered":"http:\/\/balancosocialbffc.com.br\/?page_id=5816"},"modified":"2017-09-13T22:47:53","modified_gmt":"2017-09-13T22:47:53","slug":"institucional-2","status":"publish","type":"page","link":"https:\/\/2016.balancosocialbffc.com.br\/index.php\/institucional-2\/","title":{"rendered":"NOSSO JEITO DE SER"},"content":{"rendered":"<p>[vc_row][vc_column][vc_single_image image=&#8221;5822&#8243; img_size=&#8221;full&#8221; alignment=&#8221;center&#8221;][\/vc_column][\/vc_row][vc_row][vc_column width=&#8221;1\/2&#8243;][vc_custom_heading text=&#8221;Prop\u00f3sito&#8221; font_container=&#8221;tag:h2|text_align:left|color:%2360ae0d&#8221; use_theme_fonts=&#8221;yes&#8221;][vc_single_image image=&#8221;6172&#8243; img_size=&#8221;501&#215;200&#8243;][\/vc_column][vc_column width=&#8221;1\/2&#8243;][vc_single_image image=&#8221;6237&#8243; img_size=&#8221;600&#215;360&#8243; alignment=&#8221;center&#8221;][\/vc_column][\/vc_row][vc_row][vc_column][vc_separator color=&#8221;green&#8221; border_width=&#8221;2&#8243;][\/vc_column][\/vc_row][vc_row][vc_column width=&#8221;1\/2&#8243;][vc_custom_heading text=&#8221;Vis\u00e3o&#8221; font_container=&#8221;tag:h2|text_align:left|color:%2360ae0d&#8221; use_theme_fonts=&#8221;yes&#8221;][vc_column_text css=&#8221;.vc_custom_1505181506161{margin-bottom: 10px !important;}&#8221;]<\/p>\n<h5>Ser reconhecido como a melhor escolha entre os restaurantes de food service\u00a0no Brasil, com os produtos mais gostosos e com um servi\u00e7o diferenciado.<\/h5>\n<p>[\/vc_column_text][\/vc_column][vc_column width=&#8221;1\/2&#8243;][vc_custom_heading text=&#8221;Miss\u00e3o&#8221; font_container=&#8221;tag:h2|text_align:left|color:%2360ae0d&#8221; use_theme_fonts=&#8221;yes&#8221;][vc_column_text]<\/p>\n<h5>Proporcionar uma experi\u00eancia \u00fanica aos nossos clientes, com produtos gostosos e saud\u00e1veis, em um ambiente moderno e acolhedor.<\/h5>\n<p>[\/vc_column_text][\/vc_column][\/vc_row][vc_row][vc_column][vc_separator color=&#8221;green&#8221; border_width=&#8221;2&#8243;][\/vc_column][\/vc_row][vc_row][vc_column width=&#8221;1\/2&#8243;][vc_custom_heading text=&#8221;Valores&#8221; font_container=&#8221;tag:h2|text_align:left|color:%2360ae0d&#8221; use_theme_fonts=&#8221;yes&#8221;][vc_column_text css=&#8221;.vc_custom_1504126697074{margin-bottom: 10px !important;}&#8221;]<\/p>\n<h5>O <strong>\u201cNOSSO JEITO DE SER\u201d<\/strong> resume o modo de agir da organiza\u00e7\u00e3o e serve como balizamento tanto para as decis\u00f5es cotidianas, quanto para a tomada de decis\u00e3o estrat\u00e9gica.<\/h5>\n<h5><strong>Paix\u00e3o por Servir<\/strong> &#8211;\u00a0<span class=\"s1\">Buscamos levar excel\u00eancia operacional aos nossos clientes com produtos de qualidade, atendimento e servi\u00e7os oferecidos em nossos restaurantes. Encant\u00e1-los \u00e9 a raz\u00e3o maior de tudo o que fazemos.\u00a0\u00a0<\/span><\/h5>\n<h5><strong>Foco no Resultado<\/strong> &#8211;\u00a0Desenvolvemos constantemente nossa capacidade e disposi\u00e7\u00e3o na busca por alta performance com foco no resultado do neg\u00f3cio e na gera\u00e7\u00e3o de lucro para nossos franqueados e acionistas.<\/h5>\n<h5><strong>\u00c9tica<\/strong> &#8211;\u00a0Atuamos com \u00c9tica empresarial e Governan\u00e7a Corporativa, de forma transparente e respons\u00e1vel. Fazemos o que \u00e9 certo, comprometidos com nossa sociedade, clientes e parceiros.<\/h5>\n<h5><strong>Resili\u00eancia<\/strong> &#8211;\u00a0Temos a capacidade constante de vencer desafios, adaptando-nos com velocidade, sem perder nossa ess\u00eancia.<\/h5>\n<h5><strong>Pessoas<\/strong> &#8211;\u00a0Valorizamos pessoas talentosas que buscam crescer e se desenvolver em um ambiente meritocr\u00e1tico e colaborativo.<\/h5>\n<h5><strong>Inova\u00e7\u00e3o<\/strong> &#8211;\u00a0Vivenciamos nosso neg\u00f3cio de forma din\u00e2mica, criativa e diferenciada. Entregamos solu\u00e7\u00f5es que nos diferenciam e ao mesmo tempo se conectam com nossa Originalidade.<\/h5>\n<p>[\/vc_column_text][vc_empty_space][\/vc_column][vc_column width=&#8221;1\/2&#8243;][vc_single_image image=&#8221;6186&#8243; img_size=&#8221;490&#215;368&#8243; alignment=&#8221;center&#8221;][\/vc_column][\/vc_row]<\/p>\n","protected":false},"excerpt":{"rendered":"<p>[vc_row][vc_column][vc_single_image image=&#8221;5822&#8243; img_size=&#8221;full&#8221; alignment=&#8221;center&#8221;][\/vc_column][\/vc_row][vc_row][vc_column width=&#8221;1\/2&#8243;][vc_custom_heading text=&#8221;Prop\u00f3sito&#8221; font_container=&#8221;tag:h2|text_align:left|color:%2360ae0d&#8221; use_theme_fonts=&#8221;yes&#8221;][vc_single_image image=&#8221;6172&#8243; img_size=&#8221;501&#215;200&#8243;][\/vc_column][vc_column width=&#8221;1\/2&#8243;][vc_single_image image=&#8221;6237&#8243; img_size=&#8221;600&#215;360&#8243; alignment=&#8221;center&#8221;][\/vc_column][\/vc_row][vc_row][vc_column][vc_separator color=&#8221;green&#8221; border_width=&#8221;2&#8243;][\/vc_column][\/vc_row][vc_row][vc_column width=&#8221;1\/2&#8243;][vc_custom_heading text=&#8221;Vis\u00e3o&#8221; font_container=&#8221;tag:h2|text_align:left|color:%2360ae0d&#8221; use_theme_fonts=&#8221;yes&#8221;][vc_column_text css=&#8221;.vc_custom_1505181506161{margin-bottom: 10px !important;}&#8221;] Ser reconhecido como a melhor escolha entre os restaurantes de food service\u00a0no Brasil, com os produtos mais gostosos e com um servi\u00e7o diferenciado. [\/vc_column_text][\/vc_column][vc_column width=&#8221;1\/2&#8243;][vc_custom_heading text=&#8221;Miss\u00e3o&#8221; font_container=&#8221;tag:h2|text_align:left|color:%2360ae0d&#8221; use_theme_fonts=&#8221;yes&#8221;][vc_column_text] Proporcionar uma experi\u00eancia \u00fanica [&hellip;]<\/p>\n","protected":false},"author":1,"featured_media":0,"parent":0,"menu_order":0,"comment_status":"open","ping_status":"open","template":"","meta":{"footnotes":""},"class_list":["post-5816","page","type-page","status-publish","hentry"],"_links":{"self":[{"href":"https:\/\/2016.balancosocialbffc.com.br\/index.php\/wp-json\/wp\/v2\/pages\/5816","targetHints":{"allow":["GET"]}}],"collection":[{"href":"https:\/\/2016.balancosocialbffc.com.br\/index.php\/wp-json\/wp\/v2\/pages"}],"about":[{"href":"https:\/\/2016.balancosocialbffc.com.br\/index.php\/wp-json\/wp\/v2\/types\/page"}],"author":[{"embeddable":true,"href":"https:\/\/2016.balancosocialbffc.com.br\/index.php\/wp-json\/wp\/v2\/users\/1"}],"replies":[{"embeddable":true,"href":"https:\/\/2016.balancosocialbffc.com.br\/index.php\/wp-json\/wp\/v2\/comments?post=5816"}],"version-history":[{"count":21,"href":"https:\/\/2016.balancosocialbffc.com.br\/index.php\/wp-json\/wp\/v2\/pages\/5816\/revisions"}],"predecessor-version":[{"id":6238,"href":"https:\/\/2016.balancosocialbffc.com.br\/index.php\/wp-json\/wp\/v2\/pages\/5816\/revisions\/6238"}],"wp:attachment":[{"href":"https:\/\/2016.balancosocialbffc.com.br\/index.php\/wp-json\/wp\/v2\/media?parent=5816"}],"curies":[{"name":"wp","href":"https:\/\/api.w.org\/{rel}","templated":true}]}}