{"id":5414,"date":"2017-05-06T01:04:30","date_gmt":"2017-05-06T01:04:30","guid":{"rendered":"http:\/\/balancosocialbffc.com.br\/?page_id=5414"},"modified":"2017-08-08T20:27:22","modified_gmt":"2017-08-08T20:27:22","slug":"depoimentos","status":"publish","type":"page","link":"https:\/\/2016.balancosocialbffc.com.br\/index.php\/depoimentos\/","title":{"rendered":"Depoimentos"},"content":{"rendered":"<p>[vc_row][vc_column][vc_custom_heading text=&#8221;Pessoas que fazem a diferen\u00e7a&#8221; font_container=&#8221;tag:h2|text_align:left|color:%2360ae0d&#8221; use_theme_fonts=&#8221;yes&#8221;][\/vc_column][\/vc_row][vc_row full_width=&#8221;stretch_row&#8221; css=&#8221;.vc_custom_1457943526163{background-color: #e6e6e8 !important;}&#8221; el_class=&#8221;vcr_float_right rs_custom_nopadding&#8221;][vc_column width=&#8221;1\/2&#8243; col_space=&#8221;no-space&#8221; el_class=&#8221;extend-bg-fullwidth-left&#8221; css=&#8221;.vc_custom_1498475661487{padding-top: 40px !important;padding-right: 80px !important;padding-bottom: 40px !important;background-color: #f5f5f5 !important;}&#8221;][vc_single_image image=&#8221;6047&#8243; img_size=&#8221;full&#8221;][vc_column_text]<em>A BFFC possui uma gest\u00e3o muito transparente e franca com os seus fornecedores, desde a presid\u00eancia at\u00e9 os n\u00edveis operacionais. Isto proporciona relacionamentos sustent\u00e1veis, s\u00f3lidos e duradouros.<\/em><\/p>\n<p><em>Um dos grandes valores do grupo BFFC \u00e9 proporcionar um clima organizacional altamente positivo, visando o engajamento e proximidade de todas as \u00e1reas, promovendo maior celeridade nas decis\u00f5es.<\/em><\/p>\n<p><em>Al\u00e9m disso, a BFFC se destaca no mercado de trabalho por colocar em pr\u00e1tica a igualdade de direitos e oportunidades dentro da organiza\u00e7\u00e3o, o que refor\u00e7a e consolidar cada vez mais sua posi\u00e7\u00e3o e reconhecimento como a maior marca de fast food legitimamente brasileira.<\/em>[\/vc_column_text][\/vc_column][vc_column width=&#8221;1\/2&#8243; col_space=&#8221;no-space&#8221; css=&#8221;.vc_custom_1449493638434{padding-top: 40px !important;padding-bottom: 40px !important;padding-left: 80px !important;}&#8221;][vc_single_image image=&#8221;6046&#8243; img_size=&#8221;full&#8221;][vc_column_text]<em>&#8220;H\u00e1 dois anos tive a grata oportunidade de ter a BFFC como parceira do projeto social ABC do Cora\u00e7\u00e3o Integrado \/ WTC Social. Como realizamos um trabalho voltado para crian\u00e7as muito pequenas, que vivem em regi\u00f5es de vulnerabilidade precisamos de parceiros que, n\u00e3o s\u00f3, abracem a causa, mas tamb\u00e9m tenham a sensibilidade de atender \u00e0s demandas dos nossos pequeninos. Por dois anos seguidos, o grupo BFFC levou \u00e0s creches p\u00fablicas o privil\u00e9gio de montar uma lanchonete no local e oferecer um lanche de qualidade, com direito a brindes, em uma tarde divertida para as crian\u00e7as. Sabemos o quanto \u00e9 dif\u00edcil para uma fam\u00edlia de baixa renda pagar um lanche completo para os filhos em uma lanchonete como o BOB\u2019S. E o quanto este pequeno gesto oferece um momento de alegria e inclus\u00e3o social para estas fam\u00edlias. Muito obrigada a todos da BFFC pelo lindo trabalho e pelas doa\u00e7\u00f5es e espero poder continuar com a nossa parceria.\u201d<\/em>[\/vc_column_text][\/vc_column][\/vc_row][vc_row][vc_column][vc_empty_space][\/vc_column][\/vc_row][vc_row][\/vc_row][vc_row][\/vc_row][vc_row full_width=&#8221;stretch_row&#8221; css=&#8221;.vc_custom_1457943526163{background-color: #e6e6e8 !important;}&#8221; el_class=&#8221;vcr_float_right rs_custom_nopadding&#8221;][vc_column width=&#8221;1\/2&#8243; col_space=&#8221;no-space&#8221; el_class=&#8221;extend-bg-fullwidth-left&#8221; css=&#8221;.vc_custom_1498475661487{padding-top: 40px !important;padding-right: 80px !important;padding-bottom: 40px !important;background-color: #f5f5f5 !important;}&#8221;][vc_single_image image=&#8221;6054&#8243; img_size=&#8221;full&#8221;][vc_column_text]<em>Sou franqueada Bob\u2019s h\u00e1 quase 6 anos na cidade de Ja\u00fa, interior de S\u00e3o Paulo. Durante esse tempo ficou muito claro que a empresa tem uma gest\u00e3o ativa junto aos franqueados, sempre orientados para os resultados.<\/em><\/p>\n<p><em>Al\u00e9m disso, a proximidade e transpar\u00eancia que temos com os executivos e a toda a equipe de campo, nos permite aprimorar cada vez mais a opera\u00e7\u00e3o, com foco no crescimento e sustentabilidade do neg\u00f3cio.<\/em>[\/vc_column_text][\/vc_column][vc_column width=&#8221;1\/2&#8243; col_space=&#8221;no-space&#8221; css=&#8221;.vc_custom_1449493638434{padding-top: 40px !important;padding-bottom: 40px !important;padding-left: 80px !important;}&#8221;][vc_single_image image=&#8221;6055&#8243; img_size=&#8221;full&#8221;][vc_column_text]<em>Estou muito satisfeito sendo propriet\u00e1rio de uma loja Bob\u2019s em minha cidade. A fraqueadora tem uma equipe de campo muito bem qualificada, que auxilia minha opera\u00e7\u00e3o em todos os pontos. Al\u00e9m disso, o cuidado com a marca, gest\u00e3o do neg\u00f3cio e \u00e9tica apontam a certeza de ter realizado um excelente investimento.<\/em><\/p>\n<p><em>Acredito que todos estes valores, bem como os produtos preferidos pelos consumidores, fazem da BFFC uma empresa de n\u00edvel internacional, e que ainda vai se fortalecer e crescer muito mais!<\/em>[\/vc_column_text][\/vc_column][\/vc_row][vc_row][vc_column][vc_empty_space][\/vc_column][\/vc_row][vc_row full_width=&#8221;stretch_row&#8221; css=&#8221;.vc_custom_1457943526163{background-color: #e6e6e8 !important;}&#8221; el_class=&#8221;vcr_float_right rs_custom_nopadding&#8221;][vc_column width=&#8221;1\/2&#8243; col_space=&#8221;no-space&#8221; el_class=&#8221;extend-bg-fullwidth-left&#8221; css=&#8221;.vc_custom_1498475661487{padding-top: 40px !important;padding-right: 80px !important;padding-bottom: 40px !important;background-color: #f5f5f5 !important;}&#8221;][vc_single_image image=&#8221;6153&#8243; img_size=&#8221;full&#8221;][vc_column_text]<\/p>\n<p style=\"text-align: left;\"><em>&#8220;Iniciei a minha trajet\u00f3ria na empresa aos 16 anos como atendente Bob&#8217;s. Com o tempo, percebi que era uma empresa onde eu poderia ter um plano de carreira.<\/em><\/p>\n<p style=\"text-align: left;\"><em>Com apenas um ano de trabalho e dedica\u00e7\u00e3o, passei para o cargo de PCM, em seguida monitor e em tr\u00eas anos eu j\u00e1 era Assistente de Gerente!<\/em><\/p>\n<p style=\"text-align: left;\"><em>Uma li\u00e7\u00e3o que aprendi \u00e9 que a cada degrau que subimos, a responsabilidade muda e com isso, a maturidade tamb\u00e9m.<\/em><\/p>\n<p style=\"text-align: left;\"><em>Quando surgiu a oportunidade de iniciar o trabalho em consultoria de campo, agarrei a oportunidade e deixei de ter uma equipe para ter v\u00e1rias. Isso possibilitou que eu me reinventasse em todos os momentos. Em 2016 uma nova porta se abriu e recebi o convite para assumir a supervis\u00e3o de opera\u00e7\u00f5es na Regional no Estado de S\u00e3o Paulo.<\/em><\/p>\n<p style=\"text-align: left;\"><em>Quando se tem um objetivo nada \u00e9 imposs\u00edvel, como dizem &#8220;A melhor maneira de prever o futuro \u00e9 invent\u00e1-lo&#8221;.<\/em><\/p>\n<p>[\/vc_column_text][\/vc_column][vc_column width=&#8221;1\/2&#8243; col_space=&#8221;no-space&#8221; css=&#8221;.vc_custom_1449493638434{padding-top: 40px !important;padding-bottom: 40px !important;padding-left: 80px !important;}&#8221;][vc_single_image image=&#8221;6184&#8243; img_size=&#8221;201&#215;100&#8243; alignment=&#8221;center&#8221;][\/vc_column][\/vc_row][vc_column][\/vc_column][vc_empty_space height=&#8221;70px&#8221;]<\/p>\n","protected":false},"excerpt":{"rendered":"<p>[vc_row][vc_column][vc_custom_heading text=&#8221;Pessoas que fazem a diferen\u00e7a&#8221; font_container=&#8221;tag:h2|text_align:left|color:%2360ae0d&#8221; use_theme_fonts=&#8221;yes&#8221;][\/vc_column][\/vc_row][vc_row full_width=&#8221;stretch_row&#8221; css=&#8221;.vc_custom_1457943526163{background-color: #e6e6e8 !important;}&#8221; el_class=&#8221;vcr_float_right rs_custom_nopadding&#8221;][vc_column width=&#8221;1\/2&#8243; col_space=&#8221;no-space&#8221; el_class=&#8221;extend-bg-fullwidth-left&#8221; css=&#8221;.vc_custom_1498475661487{padding-top: 40px !important;padding-right: 80px !important;padding-bottom: 40px !important;background-color: #f5f5f5 !important;}&#8221;][vc_single_image image=&#8221;6047&#8243; img_size=&#8221;full&#8221;][vc_column_text]A BFFC possui uma gest\u00e3o muito transparente e franca com os seus fornecedores, desde a presid\u00eancia at\u00e9 os n\u00edveis operacionais. Isto proporciona relacionamentos sustent\u00e1veis, s\u00f3lidos e duradouros. Um [&hellip;]<\/p>\n","protected":false},"author":1,"featured_media":0,"parent":0,"menu_order":0,"comment_status":"closed","ping_status":"closed","template":"tpl-onepage.php","meta":{"footnotes":""},"class_list":["post-5414","page","type-page","status-publish","hentry"],"_links":{"self":[{"href":"https:\/\/2016.balancosocialbffc.com.br\/index.php\/wp-json\/wp\/v2\/pages\/5414","targetHints":{"allow":["GET"]}}],"collection":[{"href":"https:\/\/2016.balancosocialbffc.com.br\/index.php\/wp-json\/wp\/v2\/pages"}],"about":[{"href":"https:\/\/2016.balancosocialbffc.com.br\/index.php\/wp-json\/wp\/v2\/types\/page"}],"author":[{"embeddable":true,"href":"https:\/\/2016.balancosocialbffc.com.br\/index.php\/wp-json\/wp\/v2\/users\/1"}],"replies":[{"embeddable":true,"href":"https:\/\/2016.balancosocialbffc.com.br\/index.php\/wp-json\/wp\/v2\/comments?post=5414"}],"version-history":[{"count":66,"href":"https:\/\/2016.balancosocialbffc.com.br\/index.php\/wp-json\/wp\/v2\/pages\/5414\/revisions"}],"predecessor-version":[{"id":6185,"href":"https:\/\/2016.balancosocialbffc.com.br\/index.php\/wp-json\/wp\/v2\/pages\/5414\/revisions\/6185"}],"wp:attachment":[{"href":"https:\/\/2016.balancosocialbffc.com.br\/index.php\/wp-json\/wp\/v2\/media?parent=5414"}],"curies":[{"name":"wp","href":"https:\/\/api.w.org\/{rel}","templated":true}]}}

<p>[vc_row][vc_column][vc_custom_heading text=&#8221;Pessoas que fazem a diferença&#8221; font_container=&#8221;tag:h2|text_align:left|color:%2360ae0d&#8221; use_theme_fonts=&#8221;yes&#8221;][/vc_column][/vc_row][vc_row full_width=&#8221;stretch_row&#8221; css=&#8221;.vc_custom_1457943526163{background-color: #e6e6e8 !important;}&#8221; el_class=&#8221;vcr_float_right rs_custom_nopadding&#8221;][vc_column width=&#8221;1/2&#8243; col_space=&#8221;no-space&#8221; el_class=&#8221;extend-bg-fullwidth-left&#8221; css=&#8221;.vc_custom_1498475661487{padding-top: 40px !important;padding-right: 80px !important;padding-bottom: 40px !important;background-color: #f5f5f5 !important;}&#8221;][vc_single_image image=&#8221;6047&#8243; img_size=&#8221;full&#8221;][vc_column_text]<em>A BFFC possui uma gestão muito transparente e franca com os seus fornecedores, desde a presidência até os níveis operacionais. Isto proporciona relacionamentos sustentáveis, sólidos e duradouros.</em></p>
<p><em>Um dos grandes valores do grupo BFFC é proporcionar um clima organizacional altamente positivo, visando o engajamento e proximidade de todas as áreas, promovendo maior celeridade nas decisões.</em></p>
<p><em>Além disso, a BFFC se destaca no mercado de trabalho por colocar em prática a igualdade de direitos e oportunidades dentro da organização, o que reforça e consolidar cada vez mais sua posição e reconhecimento como a maior marca de fast food legitimamente brasileira.</em>[/vc_column_text][/vc_column][vc_column width=&#8221;1/2&#8243; col_space=&#8221;no-space&#8221; css=&#8221;.vc_custom_1449493638434{padding-top: 40px !important;padding-bottom: 40px !important;padding-left: 80px !important;}&#8221;][vc_single_image image=&#8221;6046&#8243; img_size=&#8221;full&#8221;][vc_column_text]<em>&#8220;Há dois anos tive a grata oportunidade de ter a BFFC como parceira do projeto social ABC do Coração Integrado / WTC Social. Como realizamos um trabalho voltado para crianças muito pequenas, que vivem em regiões de vulnerabilidade precisamos de parceiros que, não só, abracem a causa, mas também tenham a sensibilidade de atender às demandas dos nossos pequeninos. Por dois anos seguidos, o grupo BFFC levou às creches públicas o privilégio de montar uma lanchonete no local e oferecer um lanche de qualidade, com direito a brindes, em uma tarde divertida para as crianças. Sabemos o quanto é difícil para uma família de baixa renda pagar um lanche completo para os filhos em uma lanchonete como o BOB’S. E o quanto este pequeno gesto oferece um momento de alegria e inclusão social para estas famílias. Muito obrigada a todos da BFFC pelo lindo trabalho e pelas doações e espero poder continuar com a nossa parceria.”</em>[/vc_column_text][/vc_column][/vc_row][vc_row][vc_column][vc_empty_space][/vc_column][/vc_row][vc_row][/vc_row][vc_row][/vc_row][vc_row full_width=&#8221;stretch_row&#8221; css=&#8221;.vc_custom_1457943526163{background-color: #e6e6e8 !important;}&#8221; el_class=&#8221;vcr_float_right rs_custom_nopadding&#8221;][vc_column width=&#8221;1/2&#8243; col_space=&#8221;no-space&#8221; el_class=&#8221;extend-bg-fullwidth-left&#8221; css=&#8221;.vc_custom_1498475661487{padding-top: 40px !important;padding-right: 80px !important;padding-bottom: 40px !important;background-color: #f5f5f5 !important;}&#8221;][vc_single_image image=&#8221;6054&#8243; img_size=&#8221;full&#8221;][vc_column_text]<em>Sou franqueada Bob’s há quase 6 anos na cidade de Jaú, interior de São Paulo. Durante esse tempo ficou muito claro que a empresa tem uma gestão ativa junto aos franqueados, sempre orientados para os resultados.</em></p>
<p><em>Além disso, a proximidade e transparência que temos com os executivos e a toda a equipe de campo, nos permite aprimorar cada vez mais a operação, com foco no crescimento e sustentabilidade do negócio.</em>[/vc_column_text][/vc_column][vc_column width=&#8221;1/2&#8243; col_space=&#8221;no-space&#8221; css=&#8221;.vc_custom_1449493638434{padding-top: 40px !important;padding-bottom: 40px !important;padding-left: 80px !important;}&#8221;][vc_single_image image=&#8221;6055&#8243; img_size=&#8221;full&#8221;][vc_column_text]<em>Estou muito satisfeito sendo proprietário de uma loja Bob’s em minha cidade. A fraqueadora tem uma equipe de campo muito bem qualificada, que auxilia minha operação em todos os pontos. Além disso, o cuidado com a marca, gestão do negócio e ética apontam a certeza de ter realizado um excelente investimento.</em></p>
<p><em>Acredito que todos estes valores, bem como os produtos preferidos pelos consumidores, fazem da BFFC uma empresa de nível internacional, e que ainda vai se fortalecer e crescer muito mais!</em>[/vc_column_text][/vc_column][/vc_row][vc_row][vc_column][vc_empty_space][/vc_column][/vc_row][vc_row full_width=&#8221;stretch_row&#8221; css=&#8221;.vc_custom_1457943526163{background-color: #e6e6e8 !important;}&#8221; el_class=&#8221;vcr_float_right rs_custom_nopadding&#8221;][vc_column width=&#8221;1/2&#8243; col_space=&#8221;no-space&#8221; el_class=&#8221;extend-bg-fullwidth-left&#8221; css=&#8221;.vc_custom_1498475661487{padding-top: 40px !important;padding-right: 80px !important;padding-bottom: 40px !important;background-color: #f5f5f5 !important;}&#8221;][vc_single_image image=&#8221;6153&#8243; img_size=&#8221;full&#8221;][vc_column_text]</p>
<p style="text-align: left;"><em>&#8220;Iniciei a minha trajetória na empresa aos 16 anos como atendente Bob&#8217;s. Com o tempo, percebi que era uma empresa onde eu poderia ter um plano de carreira.</em></p>
<p style="text-align: left;"><em>Com apenas um ano de trabalho e dedicação, passei para o cargo de PCM, em seguida monitor e em três anos eu já era Assistente de Gerente!</em></p>
<p style="text-align: left;"><em>Uma lição que aprendi é que a cada degrau que subimos, a responsabilidade muda e com isso, a maturidade também.</em></p>
<p style="text-align: left;"><em>Quando surgiu a oportunidade de iniciar o trabalho em consultoria de campo, agarrei a oportunidade e deixei de ter uma equipe para ter várias. Isso possibilitou que eu me reinventasse em todos os momentos. Em 2016 uma nova porta se abriu e recebi o convite para assumir a supervisão de operações na Regional no Estado de São Paulo.</em></p>
<p style="text-align: left;"><em>Quando se tem um objetivo nada é impossível, como dizem &#8220;A melhor maneira de prever o futuro é inventá-lo&#8221;.</em></p>
<p>[/vc_column_text][/vc_column][vc_column width=&#8221;1/2&#8243; col_space=&#8221;no-space&#8221; css=&#8221;.vc_custom_1449493638434{padding-top: 40px !important;padding-bottom: 40px !important;padding-left: 80px !important;}&#8221;][vc_single_image image=&#8221;6184&#8243; img_size=&#8221;201&#215;100&#8243; alignment=&#8221;center&#8221;][/vc_column][/vc_row][vc_column][/vc_column][vc_empty_space height=&#8221;70px&#8221;]</p>

<p>[vc_row][vc_column][vc_custom_heading text=&#8221;Pessoas que fazem a diferença&#8221; font_container=&#8221;tag:h2|text_align:left|color:%2360ae0d&#8221; use_theme_fonts=&#8221;yes&#8221;][/vc_column][/vc_row][vc_row full_width=&#8221;stretch_row&#8221; css=&#8221;.vc_custom_1457943526163{background-color: #e6e6e8 !important;}&#8221; el_class=&#8221;vcr_float_right rs_custom_nopadding&#8221;][vc_column width=&#8221;1/2&#8243; col_space=&#8221;no-space&#8221; el_class=&#8221;extend-bg-fullwidth-left&#8221; css=&#8221;.vc_custom_1498475661487{padding-top: 40px !important;padding-right: 80px !important;padding-bottom: 40px !important;background-color: #f5f5f5 !important;}&#8221;][vc_single_image image=&#8221;6047&#8243; img_size=&#8221;full&#8221;][vc_column_text]A BFFC possui uma gestão muito transparente e franca com os seus fornecedores, desde a presidência até os níveis operacionais. Isto proporciona relacionamentos sustentáveis, sólidos e duradouros. Um [&hellip;]</p>
