{"id":5401,"date":"2017-05-06T00:45:44","date_gmt":"2017-05-06T00:45:44","guid":{"rendered":"http:\/\/balancosocialbffc.com.br\/?page_id=5401"},"modified":"2017-08-01T14:08:07","modified_gmt":"2017-08-01T14:08:07","slug":"universidade-corporativa-2","status":"publish","type":"page","link":"https:\/\/2016.balancosocialbffc.com.br\/index.php\/universidade-corporativa-2\/","title":{"rendered":"Universidade Corporativa"},"content":{"rendered":"<p>[vc_row][vc_column width=&#8221;2\/3&#8243;][vc_column_text]<\/p>\n<h5>Inaugurada em 2011, com o objetivo de avan\u00e7ar nas fronteiras do conhecimento, a <strong>Universidade Corporativa BFFC <\/strong>produz e transmite ideias, dados e informa\u00e7\u00f5es, al\u00e9m de conserv\u00e1-los e sistematiz\u00e1-los, de modo a contribuir para o desenvolvimento de nossos colaboradores, da empresa, do mercado de varejo\/fast-food, da sociedade e do pa\u00eds.<\/h5>\n<h5>Comandada pela \u00e1rea de Recursos Humanos e ancorada nos pilares: lideran\u00e7a, excel\u00eancia operacional, mercado e educa\u00e7\u00e3o socioambiental, a <strong>Universidade Corporativa BFFC <\/strong>foi idealizada pelo CEO da Companhia, Ricardo Bomeny e surgiu do entendimento de que educa\u00e7\u00e3o \u00e9 uma via de m\u00e3o dupla: empresas que investem em educa\u00e7\u00e3o, treinamento e desenvolvimento, produzem resultados diferenciados por meio de recursos humanos qualificados que geram aumento da competitividade.<\/h5>\n<p>[\/vc_column_text][\/vc_column][vc_column width=&#8221;1\/3&#8243;][vc_empty_space][vc_single_image image=&#8221;5623&#8243; img_size=&#8221;150&#215;150&#8243; alignment=&#8221;center&#8221; css_animation=&#8221;bounceIn&#8221;][\/vc_column][\/vc_row][vc_row][vc_column][vc_custom_heading text=&#8221;Estrutura Educacional&#8221; font_container=&#8221;tag:h2|text_align:left|color:%2360ae0d&#8221; use_theme_fonts=&#8221;yes&#8221;][vc_column_text]<\/p>\n<h5>A <strong>Universidade Corporativa BFFC<\/strong> desenvolve seus trabalhos sob quatro pilares educacionais, conhecidos tamb\u00e9m como Escolas de Aprendizagem:<\/h5>\n<p>[\/vc_column_text][vc_row_inner][vc_column_inner width=&#8221;1\/2&#8243;][vc_column_text]<\/p>\n<h5><strong>Escola Gest\u00e3o e Lideran\u00e7a<\/strong><\/h5>\n<p>Fortalecer e desenvolver o grupo de lideran\u00e7a, imprimindo ritmo, inova\u00e7\u00e3o e o fortalecimento das bases: miss\u00e3o, vis\u00e3o e estrat\u00e9gias da organiza\u00e7\u00e3o.<\/p>\n<p>&nbsp;<\/p>\n<h5><\/h5>\n<h5><strong>Escola Neg\u00f3cios e Mercado<\/strong><\/h5>\n<p>Ampliar o conhecimento de todos os p\u00fablicos sobre as caracter\u00edsticas do mercado interno e externo, oferecendo ferramentas de qualifica\u00e7\u00e3o e desenvolvimento que possam reverter diretamente na atua\u00e7\u00e3o pr\u00e1tica dos stakeholders da <strong>BFFC<\/strong>, trazendo diferenciais competitivos ao neg\u00f3cio.[\/vc_column_text][\/vc_column_inner][vc_column_inner width=&#8221;1\/2&#8243;][vc_column_text]<\/p>\n<h5><strong>Escola Responsabilidade S\u00f3cio Empresarial <\/strong><\/h5>\n<p>Posicionar-se como uma empresa socialmente respons\u00e1vel que investe e contribui para o desenvolvimento da sociedade e de seu pa\u00eds, atuando com as quest\u00f5es de sustentabilidade, apoiando jovens e adultos em sua forma\u00e7\u00e3o e contribuindo para a gera\u00e7\u00e3o de recursos profissionais ao neg\u00f3cio <strong>BFFC<\/strong>.<\/p>\n<p>&nbsp;<\/p>\n<h5><strong>Escola Excel\u00eancia Operacional<\/strong><\/h5>\n<p>Qualificar continuamente os colaboradores, com ferramentas t\u00e9cnicas e comportamentais, com base nos processos pr\u00e9vios do grupo, visando \u00e0 satisfa\u00e7\u00e3o do cliente final.[\/vc_column_text][\/vc_column_inner][\/vc_row_inner][vc_separator color=&#8221;custom&#8221; border_width=&#8221;2&#8243; accent_color=&#8221;#60ae0d&#8221;][vc_column_text]<\/p>\n<h5 style=\"text-align: center;\"><strong>Ao longo dos anos, a Universidade Corporativa BFFC tem proporcionado o desenvolvimento pessoal e profissional de nossos colaboradores, al\u00e9m de proporcionar uma memor\u00e1vel experi\u00eancia de consumo aos clientes que v\u00e3o todos os dias aos nossos restaurantes.<\/strong><\/h5>\n<p>[\/vc_column_text][\/vc_column][\/vc_row][vc_row][vc_column width=&#8221;1\/4&#8243;][\/vc_column][vc_column width=&#8221;1\/4&#8243;]<a href='http:\/\/balancosocialbffc.com.br\/index.php\/universidade-corporativa-3\/' target='_self' title='' class='dt-sc-button   large   rounded-corner flash h2'  style=\"background-color:#ffffff;border-color:#ffffff;color:#60ae0d;font-family:4;font-weight:;font-style:;\"> CURSOS <\/a>[\/vc_column][vc_column width=&#8221;1\/4&#8243;]<a href='http:\/\/balancosocialbffc.com.br\/index.php\/universidade-corporativa-4\/' target='_self' title='' class='dt-sc-button   large   rounded-corner flash h2'  style=\"background-color:#ffffff;border-color:#ffffff;color:#60ae0d;font-family:4;font-weight:;font-style:;\"> TREINAMENTO OPERACIONAL <\/a>[\/vc_column][vc_column width=&#8221;1\/4&#8243;][\/vc_column][\/vc_row]<\/p>\n","protected":false},"excerpt":{"rendered":"<p>[vc_row][vc_column width=&#8221;2\/3&#8243;][vc_column_text] Inaugurada em 2011, com o objetivo de avan\u00e7ar nas fronteiras do conhecimento, a Universidade Corporativa BFFC produz e transmite ideias, dados e informa\u00e7\u00f5es, al\u00e9m de conserv\u00e1-los e sistematiz\u00e1-los, de modo a contribuir para o desenvolvimento de nossos colaboradores, da empresa, do mercado de varejo\/fast-food, da sociedade e do pa\u00eds. Comandada pela \u00e1rea de [&hellip;]<\/p>\n","protected":false},"author":1,"featured_media":0,"parent":0,"menu_order":0,"comment_status":"open","ping_status":"open","template":"","meta":{"footnotes":""},"class_list":["post-5401","page","type-page","status-publish","hentry"],"_links":{"self":[{"href":"https:\/\/2016.balancosocialbffc.com.br\/index.php\/wp-json\/wp\/v2\/pages\/5401","targetHints":{"allow":["GET"]}}],"collection":[{"href":"https:\/\/2016.balancosocialbffc.com.br\/index.php\/wp-json\/wp\/v2\/pages"}],"about":[{"href":"https:\/\/2016.balancosocialbffc.com.br\/index.php\/wp-json\/wp\/v2\/types\/page"}],"author":[{"embeddable":true,"href":"https:\/\/2016.balancosocialbffc.com.br\/index.php\/wp-json\/wp\/v2\/users\/1"}],"replies":[{"embeddable":true,"href":"https:\/\/2016.balancosocialbffc.com.br\/index.php\/wp-json\/wp\/v2\/comments?post=5401"}],"version-history":[{"count":63,"href":"https:\/\/2016.balancosocialbffc.com.br\/index.php\/wp-json\/wp\/v2\/pages\/5401\/revisions"}],"predecessor-version":[{"id":6065,"href":"https:\/\/2016.balancosocialbffc.com.br\/index.php\/wp-json\/wp\/v2\/pages\/5401\/revisions\/6065"}],"wp:attachment":[{"href":"https:\/\/2016.balancosocialbffc.com.br\/index.php\/wp-json\/wp\/v2\/media?parent=5401"}],"curies":[{"name":"wp","href":"https:\/\/api.w.org\/{rel}","templated":true}]}}

<p>[vc_row][vc_column width=&#8221;2/3&#8243;][vc_column_text]</p>
<h5>Inaugurada em 2011, com o objetivo de avançar nas fronteiras do conhecimento, a <strong>Universidade Corporativa BFFC </strong>produz e transmite ideias, dados e informações, além de conservá-los e sistematizá-los, de modo a contribuir para o desenvolvimento de nossos colaboradores, da empresa, do mercado de varejo/fast-food, da sociedade e do país.</h5>
<h5>Comandada pela área de Recursos Humanos e ancorada nos pilares: liderança, excelência operacional, mercado e educação socioambiental, a <strong>Universidade Corporativa BFFC </strong>foi idealizada pelo CEO da Companhia, Ricardo Bomeny e surgiu do entendimento de que educação é uma via de mão dupla: empresas que investem em educação, treinamento e desenvolvimento, produzem resultados diferenciados por meio de recursos humanos qualificados que geram aumento da competitividade.</h5>
<p>[/vc_column_text][/vc_column][vc_column width=&#8221;1/3&#8243;][vc_empty_space][vc_single_image image=&#8221;5623&#8243; img_size=&#8221;150&#215;150&#8243; alignment=&#8221;center&#8221; css_animation=&#8221;bounceIn&#8221;][/vc_column][/vc_row][vc_row][vc_column][vc_custom_heading text=&#8221;Estrutura Educacional&#8221; font_container=&#8221;tag:h2|text_align:left|color:%2360ae0d&#8221; use_theme_fonts=&#8221;yes&#8221;][vc_column_text]</p>
<h5>A <strong>Universidade Corporativa BFFC</strong> desenvolve seus trabalhos sob quatro pilares educacionais, conhecidos também como Escolas de Aprendizagem:</h5>
<p>[/vc_column_text][vc_row_inner][vc_column_inner width=&#8221;1/2&#8243;][vc_column_text]</p>
<h5><strong>Escola Gestão e Liderança</strong></h5>
<p>Fortalecer e desenvolver o grupo de liderança, imprimindo ritmo, inovação e o fortalecimento das bases: missão, visão e estratégias da organização.</p>
<p>&nbsp;</p>
<h5></h5>
<h5><strong>Escola Negócios e Mercado</strong></h5>
<p>Ampliar o conhecimento de todos os públicos sobre as características do mercado interno e externo, oferecendo ferramentas de qualificação e desenvolvimento que possam reverter diretamente na atuação prática dos stakeholders da <strong>BFFC</strong>, trazendo diferenciais competitivos ao negócio.[/vc_column_text][/vc_column_inner][vc_column_inner width=&#8221;1/2&#8243;][vc_column_text]</p>
<h5><strong>Escola Responsabilidade Sócio Empresarial </strong></h5>
<p>Posicionar-se como uma empresa socialmente responsável que investe e contribui para o desenvolvimento da sociedade e de seu país, atuando com as questões de sustentabilidade, apoiando jovens e adultos em sua formação e contribuindo para a geração de recursos profissionais ao negócio <strong>BFFC</strong>.</p>
<p>&nbsp;</p>
<h5><strong>Escola Excelência Operacional</strong></h5>
<p>Qualificar continuamente os colaboradores, com ferramentas técnicas e comportamentais, com base nos processos prévios do grupo, visando à satisfação do cliente final.[/vc_column_text][/vc_column_inner][/vc_row_inner][vc_separator color=&#8221;custom&#8221; border_width=&#8221;2&#8243; accent_color=&#8221;#60ae0d&#8221;][vc_column_text]</p>
<h5 style="text-align: center;"><strong>Ao longo dos anos, a Universidade Corporativa BFFC tem proporcionado o desenvolvimento pessoal e profissional de nossos colaboradores, além de proporcionar uma memorável experiência de consumo aos clientes que vão todos os dias aos nossos restaurantes.</strong></h5>
<p>[/vc_column_text][/vc_column][/vc_row][vc_row][vc_column width=&#8221;1/4&#8243;][/vc_column][vc_column width=&#8221;1/4&#8243;]<a href='http://balancosocialbffc.com.br/index.php/universidade-corporativa-3/' target='_self' title='' class='dt-sc-button   large   rounded-corner flash h2'  style="background-color:#ffffff;border-color:#ffffff;color:#60ae0d;font-family:4;font-weight:;font-style:;"> CURSOS </a>[/vc_column][vc_column width=&#8221;1/4&#8243;]<a href='http://balancosocialbffc.com.br/index.php/universidade-corporativa-4/' target='_self' title='' class='dt-sc-button   large   rounded-corner flash h2'  style="background-color:#ffffff;border-color:#ffffff;color:#60ae0d;font-family:4;font-weight:;font-style:;"> TREINAMENTO OPERACIONAL </a>[/vc_column][vc_column width=&#8221;1/4&#8243;][/vc_column][/vc_row]</p>

<p>[vc_row][vc_column width=&#8221;2/3&#8243;][vc_column_text] Inaugurada em 2011, com o objetivo de avançar nas fronteiras do conhecimento, a Universidade Corporativa BFFC produz e transmite ideias, dados e informações, além de conservá-los e sistematizá-los, de modo a contribuir para o desenvolvimento de nossos colaboradores, da empresa, do mercado de varejo/fast-food, da sociedade e do país. Comandada pela área de [&hellip;]</p>
