{"id":5396,"date":"2017-05-05T23:58:05","date_gmt":"2017-05-05T23:58:05","guid":{"rendered":"http:\/\/balancosocialbffc.com.br\/?page_id=5396"},"modified":"2017-07-17T11:38:49","modified_gmt":"2017-07-17T11:38:49","slug":"institucional","status":"publish","type":"page","link":"https:\/\/2016.balancosocialbffc.com.br\/index.php\/institucional\/","title":{"rendered":"Institucional"},"content":{"rendered":"<p>[vc_row][vc_column width=&#8221;1\/2&#8243;][vc_custom_heading text=&#8221;Prop\u00f3sito&#8221; font_container=&#8221;tag:h2|text_align:left|color:%2360ae0d&#8221; use_theme_fonts=&#8221;yes&#8221;][vc_column_text css=&#8221;.vc_custom_1498505317505{margin-bottom: 10px !important;}&#8221;]<\/p>\n<h5>Levar sabor e divers\u00e3o \u00e0 vida de milh\u00f5es de pessoas, em todos os lugares.<\/h5>\n<p>[\/vc_column_text][\/vc_column][vc_column width=&#8221;1\/2&#8243;][vc_single_image image=&#8221;6032&#8243; img_size=&#8221;490&#215;368&#8243; alignment=&#8221;center&#8221;][\/vc_column][\/vc_row][vc_row][vc_column][vc_separator color=&#8221;green&#8221; border_width=&#8221;2&#8243;][\/vc_column][\/vc_row][vc_row][vc_column width=&#8221;1\/2&#8243;][vc_custom_heading text=&#8221;Vis\u00e3o&#8221; font_container=&#8221;tag:h2|text_align:left|color:%2360ae0d&#8221; use_theme_fonts=&#8221;yes&#8221;][vc_column_text css=&#8221;.vc_custom_1498027224131{margin-bottom: 10px !important;}&#8221;]<\/p>\n<h5>Ser reconhecido como a melhor escolha entre os restaurantes de fast food no Brasil, com os produtos mais gostosos e com um servi\u00e7o diferenciado.<\/h5>\n<p>[\/vc_column_text][\/vc_column][vc_column width=&#8221;1\/2&#8243;][vc_custom_heading text=&#8221;Miss\u00e3o&#8221; font_container=&#8221;tag:h2|text_align:left|color:%2360ae0d&#8221; use_theme_fonts=&#8221;yes&#8221;][vc_column_text]<\/p>\n<h5>Proporcionar uma experi\u00eancia \u00fanica aos nossos clientes, com produtos gostosos e saud\u00e1veis, em um ambiente moderno e acolhedor.<\/h5>\n<p>[\/vc_column_text][\/vc_column][\/vc_row][vc_row][vc_column][vc_separator color=&#8221;green&#8221; border_width=&#8221;2&#8243;][\/vc_column][\/vc_row][vc_row][vc_column width=&#8221;1\/2&#8243;][vc_custom_heading text=&#8221;Valores&#8221; font_container=&#8221;tag:h2|text_align:left|color:%2360ae0d&#8221; use_theme_fonts=&#8221;yes&#8221;][vc_column_text css=&#8221;.vc_custom_1498027480803{margin-bottom: 10px !important;}&#8221;]<\/p>\n<h5><strong>Nossas rela\u00e7\u00f5es s\u00e3o orientadas pela \u00e9tica<\/strong>. Primamos pela \u00e9tica na orienta\u00e7\u00e3o e fundamenta\u00e7\u00e3o de nossas rela\u00e7\u00f5es com partes interessadas, envolvidas e afetadas pela nossa organiza\u00e7\u00e3o: colaboradores, franqueados, fornecedores, acionistas, governo e sociedade.<\/h5>\n<h5><strong>Nosso neg\u00f3cio \u00e9 conduzido de forma transparente<\/strong>. Acreditamos na transpar\u00eancia para a identifica\u00e7\u00e3o e o atendimento de interesses rec\u00edprocos e leg\u00edtimos. Buscamos a transpar\u00eancia em nossas rela\u00e7\u00f5es profissionais e de neg\u00f3cios e na divulga\u00e7\u00e3o de nossas atividades e resultados.<\/h5>\n<h5><strong>Respeitamos as diferen\u00e7as<\/strong>. Respeitamos a diversidade, entendemos as diferen\u00e7as como fontes de enriquecimento de nossas rela\u00e7\u00f5es e criatividade, e asseguramos a igualdade de direitos e oportunidades em nossa organiza\u00e7\u00e3o.<\/h5>\n<h5><strong>Buscamos a excel\u00eancia<\/strong>. Nos comprometemos com a efetividade e com o aprendizado. Buscamos a utiliza\u00e7\u00e3o dos recursos de maneira consciente e inovadora para produzir resultados que v\u00e3o al\u00e9m das expectativas dos seus p\u00fablicos.<\/h5>\n<h5><strong>Utilizamos nossos recursos de forma eficaz<\/strong>. Pensamos na rentabilidade aliada \u00e0 sustentabilidade. Fomentamos a ci\u00eancia do impacto de nossas a\u00e7\u00f5es e unimos as partes interessadas, envolvidas e afetadas pela nossa organiza\u00e7\u00e3o na repara\u00e7\u00e3o, redu\u00e7\u00e3o e preven\u00e7\u00e3o dos impactos negativos causados ao meio ambiente.<\/h5>\n<p>[\/vc_column_text][vc_empty_space][\/vc_column][vc_column width=&#8221;1\/2&#8243;][vc_single_image image=&#8221;6034&#8243; img_size=&#8221;500&#215;357&#8243; alignment=&#8221;center&#8221;][\/vc_column][\/vc_row]<\/p>\n","protected":false},"excerpt":{"rendered":"<p>[vc_row][vc_column width=&#8221;1\/2&#8243;][vc_custom_heading text=&#8221;Prop\u00f3sito&#8221; font_container=&#8221;tag:h2|text_align:left|color:%2360ae0d&#8221; use_theme_fonts=&#8221;yes&#8221;][vc_column_text css=&#8221;.vc_custom_1498505317505{margin-bottom: 10px !important;}&#8221;] Levar sabor e divers\u00e3o \u00e0 vida de milh\u00f5es de pessoas, em todos os lugares. [\/vc_column_text][\/vc_column][vc_column width=&#8221;1\/2&#8243;][vc_single_image image=&#8221;6032&#8243; img_size=&#8221;490&#215;368&#8243; alignment=&#8221;center&#8221;][\/vc_column][\/vc_row][vc_row][vc_column][vc_separator color=&#8221;green&#8221; border_width=&#8221;2&#8243;][\/vc_column][\/vc_row][vc_row][vc_column width=&#8221;1\/2&#8243;][vc_custom_heading text=&#8221;Vis\u00e3o&#8221; font_container=&#8221;tag:h2|text_align:left|color:%2360ae0d&#8221; use_theme_fonts=&#8221;yes&#8221;][vc_column_text css=&#8221;.vc_custom_1498027224131{margin-bottom: 10px !important;}&#8221;] Ser reconhecido como a melhor escolha entre os restaurantes de fast food no Brasil, com os produtos mais gostosos [&hellip;]<\/p>\n","protected":false},"author":1,"featured_media":0,"parent":0,"menu_order":0,"comment_status":"open","ping_status":"open","template":"","meta":{"footnotes":""},"class_list":["post-5396","page","type-page","status-publish","hentry"],"_links":{"self":[{"href":"https:\/\/2016.balancosocialbffc.com.br\/index.php\/wp-json\/wp\/v2\/pages\/5396","targetHints":{"allow":["GET"]}}],"collection":[{"href":"https:\/\/2016.balancosocialbffc.com.br\/index.php\/wp-json\/wp\/v2\/pages"}],"about":[{"href":"https:\/\/2016.balancosocialbffc.com.br\/index.php\/wp-json\/wp\/v2\/types\/page"}],"author":[{"embeddable":true,"href":"https:\/\/2016.balancosocialbffc.com.br\/index.php\/wp-json\/wp\/v2\/users\/1"}],"replies":[{"embeddable":true,"href":"https:\/\/2016.balancosocialbffc.com.br\/index.php\/wp-json\/wp\/v2\/comments?post=5396"}],"version-history":[{"count":23,"href":"https:\/\/2016.balancosocialbffc.com.br\/index.php\/wp-json\/wp\/v2\/pages\/5396\/revisions"}],"predecessor-version":[{"id":6035,"href":"https:\/\/2016.balancosocialbffc.com.br\/index.php\/wp-json\/wp\/v2\/pages\/5396\/revisions\/6035"}],"wp:attachment":[{"href":"https:\/\/2016.balancosocialbffc.com.br\/index.php\/wp-json\/wp\/v2\/media?parent=5396"}],"curies":[{"name":"wp","href":"https:\/\/api.w.org\/{rel}","templated":true}]}}