{"id":5271,"date":"2015-07-05T10:21:00","date_gmt":"2015-07-05T10:21:00","guid":{"rendered":"http:\/\/dummy.wedesignthemes.com\/veda\/attorney\/?page_id=2"},"modified":"2020-07-06T18:56:24","modified_gmt":"2020-07-06T18:56:24","slug":"sample-page-2","status":"publish","type":"page","link":"https:\/\/2016.balancosocialbffc.com.br\/","title":{"rendered":"Home"},"content":{"rendered":"<p>[vc_row][vc_column][layerslider_vc id=&#8221;1&#8243;][vc_empty_space][\/vc_column][\/vc_row][vc_row][vc_column][vc_empty_space height=&#8221;40px&#8221;][\/vc_column][\/vc_row][vc_row css=&#8221;.vc_custom_1457949259859{margin-bottom: 0px !important;}&#8221; el_class=&#8221;rs_custom_nomargin&#8221;][vc_column][vc_row_inner css=&#8221;.vc_custom_1456387325514{margin-top: -78px !important;margin-right: 0px !important;margin-bottom: 0px !important;margin-left: 0px !important;}&#8221;][vc_column_inner width=&#8221;1\/4&#8243; css=&#8221;.vc_custom_1456387244373{padding: 0px !important;}&#8221;]<a href='https:\/\/2016.balancosocialbffc.com.br\/index.php\/historia\/' target='_self' title='' class='dt-sc-button   large   green rounded-corner flash h2'  style=\"font-family:4;font-weight:;font-style:;\"> Hist\u00f3ria da BFFC <\/a>[\/vc_column_inner][vc_column_inner width=&#8221;1\/4&#8243;]<a href='https:\/\/2016.balancosocialbffc.com.br\/index.php\/institucional\/' target='_self' title='' class='dt-sc-button   large   green rounded-corner flash '  style=\"font-family:4;font-weight:;font-style:;\"> Institucional <\/a>[\/vc_column_inner][vc_column_inner width=&#8221;1\/4&#8243;]<a href='https:\/\/2016.balancosocialbffc.com.br\/index.php\/depoimentos\/' target='_self' title='' class='dt-sc-button   large   green rounded-corner flash '  style=\"font-family:4;font-weight:;font-style:;\"> Depoimentos <\/a>[\/vc_column_inner][vc_column_inner width=&#8221;1\/4&#8243;]<a href='https:\/\/2016.balancosocialbffc.com.br\/index.php\/resultados-2016\/' target='_self' title='' class='dt-sc-button   large   green rounded-corner flash '  style=\"font-family:4;font-weight:;font-style:;\"> Resultados 2016 <\/a>[\/vc_column_inner][\/vc_row_inner][vc_empty_space height=&#8221;50px&#8221;][\/vc_column][\/vc_row][vc_row][vc_column width=&#8221;1\/2&#8243; el_class=&#8221;rs_col-sm-12&#8243;][vc_video link=&#8221;https:\/\/vimeo.com\/223670538&#8243;][\/vc_column][vc_column width=&#8221;1\/2&#8243; el_class=&#8221;rs_col-sm-12&#8243;][vc_column_text css=&#8221;.vc_custom_1508336028591{margin-bottom: 20px !important;}&#8221;]<\/p>\n<h2>Mensagem do Presidente<\/h2>\n<h5>Ricardo Bomeny fala sobre a \u00e9tica nos neg\u00f3cios, sustentabilidade, qualifica\u00e7\u00e3o profissional e resultados.<\/h5>\n<p>[\/vc_column_text][\/vc_column][\/vc_row][vc_row el_class=&#8221;aligncenter&#8221;][vc_column][vc_empty_space height=&#8221;40px&#8221;][vc_custom_heading text=&#8221;PESSOAS QUE FAZEM A DIFEREN\u00c7A&#8221; font_container=&#8221;tag:h2|text_align:center|color:%2360ae0d&#8221; use_theme_fonts=&#8221;yes&#8221;][\/vc_column][\/vc_row][vc_row full_width=&#8221;stretch_row&#8221; css=&#8221;.vc_custom_1457943526163{background-color: #e6e6e8 !important;}&#8221; el_class=&#8221;vcr_float_right rs_custom_nopadding&#8221;][vc_column width=&#8221;1\/2&#8243; col_space=&#8221;no-space&#8221; el_class=&#8221;extend-bg-fullwidth-left&#8221; css=&#8221;.vc_custom_1498475661487{padding-top: 40px !important;padding-right: 80px !important;padding-bottom: 40px !important;background-color: #f5f5f5 !important;}&#8221;][vc_single_image image=&#8221;6047&#8243; img_size=&#8221;full&#8221;][vc_column_text]<\/p>\n<p><em>A BFFC possui uma gest\u00e3o muito transparente e franca com os seus fornecedores, desde a presid\u00eancia at\u00e9 os n\u00edveis operacionais. Isto proporciona relacionamentos sustent\u00e1veis, s\u00f3lidos e duradouros.<\/em><\/p>\n<p><em>Um dos grandes valores do grupo BFFC \u00e9 proporcionar um clima organizacional altamente positivo, visando o engajamento e proximidade de todas as \u00e1reas, promovendo maior celeridade nas decis\u00f5es.<\/em><\/p>\n<p><em>Al\u00e9m disso, a BFFC se destaca no mercado de trabalho por colocar em pr\u00e1tica a igualdade de direitos e oportunidades dentro da organiza\u00e7\u00e3o, o que refor\u00e7a e consolidar cada vez mais sua posi\u00e7\u00e3o e reconhecimento como a maior marca de fast food legitimamente brasileira.<\/em>[\/vc_column_text][\/vc_column][vc_column width=&#8221;1\/2&#8243; col_space=&#8221;no-space&#8221; css=&#8221;.vc_custom_1449493638434{padding-top: 40px !important;padding-bottom: 40px !important;padding-left: 80px !important;}&#8221;][vc_single_image image=&#8221;6046&#8243; img_size=&#8221;full&#8221;][vc_column_text]<em>\u201cH\u00e1 dois anos tive a grata oportunidade de ter a BFFC como parceira do projeto social ABC do Cora\u00e7\u00e3o Integrado \/ WTC Social. Como realizamos um trabalho voltado para crian\u00e7as muito pequenas, que vivem em regi\u00f5es de vulnerabilidade precisamos de parceiros que, n\u00e3o s\u00f3, abracem a causa, mas tamb\u00e9m tenham a sensibilidade de atender \u00e0s demandas dos nossos pequeninos. Por dois anos seguidos, o grupo BFFC levou \u00e0s creches p\u00fablicas o privil\u00e9gio de montar uma lanchonete no local e oferecer um lanche de qualidade, com direito a brindes, em uma tarde divertida para as crian\u00e7as. Sabemos o quanto \u00e9 dif\u00edcil para uma fam\u00edlia de baixa renda pagar um lanche completo para os filhos em uma lanchonete como o BOB\u2019S. E o quanto este pequeno gesto oferece um momento de alegria e inclus\u00e3o social para estas fam\u00edlias. Muito obrigada a todos da BFFC pelo lindo trabalho e pelas doa\u00e7\u00f5es e espero poder continuar com a nossa parceria.\u201d<\/em>[\/vc_column_text][\/vc_column][\/vc_row][vc_row][vc_column][vc_empty_space height=&#8221;70px&#8221;][vc_custom_heading text=&#8221;RESPONSABILIDADE S\u00d3CIO EMPRESARIAL&#8221; font_container=&#8221;tag:h2|text_align:center|color:%2360ae0d&#8221; use_theme_fonts=&#8221;yes&#8221;][\/vc_column][\/vc_row][vc_row bg_type=&#8221;bg_color&#8221;][vc_column width=&#8221;1\/2&#8243;][vc_column_text]<\/p>\n<h5>Na BFFC as pr\u00e1ticas de responsabilidade social v\u00e3o al\u00e9m de uma estrat\u00e9gia corporativa. A Companhia tem como princ\u00edpio equilibrar o retorno econ\u00f4mico, as a\u00e7\u00f5es sociais e a conserva\u00e7\u00e3o da natureza, em prol do bem-estar coletivo da sociedade.<\/h5>\n<h5>Transformar a ideia do desenvolvimento sustent\u00e1vel em uma realidade \u00e9 o que nos motiva a cada dia, e utilizamos a educa\u00e7\u00e3o como fio condutor para o alinhamento da nossa Pol\u00edtica de Responsabilidade Socioambiental.<\/h5>\n<h5>Buscamos a inova\u00e7\u00e3o para disseminar um comportamento socioambiental ainda mais respons\u00e1vel. Trabalhamos na cria\u00e7\u00e3o de uma pol\u00edtica focada na expans\u00e3o sustent\u00e1vel de nossas marcas, produtos e servi\u00e7os, e na capacita\u00e7\u00e3o de colaboradores e franqueados.<\/h5>\n<h5>Prezamos pela transpar\u00eancia e a \u00e9tica, sem abrir m\u00e3o do respeito \u00e0 diversidade e \u00e0s leis, da excel\u00eancia e, cada vez mais, da gera\u00e7\u00e3o de oportunidades sustent\u00e1veis para o nosso neg\u00f3cio e o meio ambiente.<\/h5>\n<p>[\/vc_column_text][\/vc_column][vc_column width=&#8221;1\/2&#8243;][vc_column_text]<\/p>\n<h5>Pensar na rentabilidade aliada a sustentabilidade \u00e9 o que nos move para promover a conscientiza\u00e7\u00e3o do consumo consciente, junto aos gestores, colaboradores, franqueados e fornecedores.<\/h5>\n<h5>Vamos promover a capacita\u00e7\u00e3o de colaboradores e franqueados para o uso consciente dos recursos naturais, al\u00e9m de investir no desenvolvimento de projetos ecologicamente corretos e em novas tecnologias.<\/h5>\n<h5>Desta forma, pretendemos diminuir as desigualdades sociais por meio da forma\u00e7\u00e3o profissional para jovens carentes, de pessoas com defici\u00eancia, terceira idade e apoio a projetos educativos.<\/h5>\n<h5>E para permitir o acesso \u00e0s informa\u00e7\u00f5es e o compartilhamento das melhores pr\u00e1ticas, contamos com a Universidade Corporativa BFFC, que assegura a aplica\u00e7\u00e3o de um processo de gest\u00e3o do conhecimento de acordo com o direcionamento da empresa.<\/h5>\n<p>[\/vc_column_text][\/vc_column][\/vc_row][vc_row][vc_column][vc_empty_space height=&#8221;15px&#8221;][vc_separator color=&#8221;custom&#8221; border_width=&#8221;2&#8243; accent_color=&#8221;#60ae0d&#8221;][vc_empty_space height=&#8221;15px&#8221;][\/vc_column][\/vc_row][vc_row bg_type=&#8221;bg_color&#8221; bg_color_value=&#8221;#ffffff&#8221;][vc_column width=&#8221;1\/4&#8243;][vc_single_image image=&#8221;6337&#8243; img_size=&#8221;120&#215;63&#8243; alignment=&#8221;center&#8221; onclick=&#8221;custom_link&#8221; link=&#8221;https:\/\/2016.balancosocialbffc.com.br\/index.php\/acoes-sociais-marcas-3\/&#8221; css=&#8221;.vc_custom_1594058523729{padding-top: 10px !important;}&#8221;][\/vc_column][vc_column width=&#8221;1\/4&#8243;][vc_single_image image=&#8221;6333&#8243; img_size=&#8221;127&#215;45&#8243; alignment=&#8221;center&#8221; onclick=&#8221;custom_link&#8221; css=&#8221;.vc_custom_1594058606735{padding-top: 10px !important;}&#8221; link=&#8221;https:\/\/2016.balancosocialbffc.com.br\/index.php\/acoes-sociais-marcas-3\/&#8221;][\/vc_column][vc_column width=&#8221;1\/4&#8243;][vc_single_image image=&#8221;6332&#8243; img_size=&#8221;157&#215;45&#8243; onclick=&#8221;custom_link&#8221; css=&#8221;.vc_custom_1594058623852{padding-top: 10px !important;}&#8221; link=&#8221;https:\/\/2016.balancosocialbffc.com.br\/index.php\/acoes-sociais-marcas-3\/&#8221;][\/vc_column][vc_column width=&#8221;1\/4&#8243;][vc_single_image image=&#8221;6335&#8243; img_size=&#8221;105&#215;65&#8243; onclick=&#8221;custom_link&#8221; css=&#8221;.vc_custom_1594058631632{padding-top: 10px !important;}&#8221; link=&#8221;https:\/\/2016.balancosocialbffc.com.br\/index.php\/acoes-sociais-marcas-3\/&#8221;][\/vc_column][\/vc_row]<\/p>\n","protected":false},"excerpt":{"rendered":"<p>[vc_row][vc_column][layerslider_vc id=&#8221;1&#8243;][vc_empty_space][\/vc_column][\/vc_row][vc_row][vc_column][vc_empty_space height=&#8221;40px&#8221;][\/vc_column][\/vc_row][vc_row css=&#8221;.vc_custom_1457949259859{margin-bottom: 0px !important;}&#8221; el_class=&#8221;rs_custom_nomargin&#8221;][vc_column][vc_row_inner css=&#8221;.vc_custom_1456387325514{margin-top: -78px !important;margin-right: 0px !important;margin-bottom: 0px !important;margin-left: 0px !important;}&#8221;][vc_column_inner width=&#8221;1\/4&#8243; css=&#8221;.vc_custom_1456387244373{padding: 0px !important;}&#8221;][\/vc_column_inner][vc_column_inner width=&#8221;1\/4&#8243;][\/vc_column_inner][vc_column_inner width=&#8221;1\/4&#8243;][\/vc_column_inner][vc_column_inner width=&#8221;1\/4&#8243;][\/vc_column_inner][\/vc_row_inner][vc_empty_space height=&#8221;50px&#8221;][\/vc_column][\/vc_row][vc_row][vc_column width=&#8221;1\/2&#8243; el_class=&#8221;rs_col-sm-12&#8243;][vc_video link=&#8221;https:\/\/vimeo.com\/223670538&#8243;][\/vc_column][vc_column width=&#8221;1\/2&#8243; el_class=&#8221;rs_col-sm-12&#8243;][vc_column_text css=&#8221;.vc_custom_1508336028591{margin-bottom: 20px !important;}&#8221;] Mensagem do Presidente Ricardo Bomeny fala sobre a \u00e9tica nos neg\u00f3cios, sustentabilidade, qualifica\u00e7\u00e3o profissional e resultados. [\/vc_column_text][\/vc_column][\/vc_row][vc_row el_class=&#8221;aligncenter&#8221;][vc_column][vc_empty_space height=&#8221;40px&#8221;][vc_custom_heading text=&#8221;PESSOAS QUE FAZEM A [&hellip;]<\/p>\n","protected":false},"author":1,"featured_media":0,"parent":0,"menu_order":0,"comment_status":"open","ping_status":"open","template":"","meta":{"footnotes":""},"class_list":["post-5271","page","type-page","status-publish","hentry"],"_links":{"self":[{"href":"https:\/\/2016.balancosocialbffc.com.br\/index.php\/wp-json\/wp\/v2\/pages\/5271","targetHints":{"allow":["GET"]}}],"collection":[{"href":"https:\/\/2016.balancosocialbffc.com.br\/index.php\/wp-json\/wp\/v2\/pages"}],"about":[{"href":"https:\/\/2016.balancosocialbffc.com.br\/index.php\/wp-json\/wp\/v2\/types\/page"}],"author":[{"embeddable":true,"href":"https:\/\/2016.balancosocialbffc.com.br\/index.php\/wp-json\/wp\/v2\/users\/1"}],"replies":[{"embeddable":true,"href":"https:\/\/2016.balancosocialbffc.com.br\/index.php\/wp-json\/wp\/v2\/comments?post=5271"}],"version-history":[{"count":99,"href":"https:\/\/2016.balancosocialbffc.com.br\/index.php\/wp-json\/wp\/v2\/pages\/5271\/revisions"}],"predecessor-version":[{"id":6347,"href":"https:\/\/2016.balancosocialbffc.com.br\/index.php\/wp-json\/wp\/v2\/pages\/5271\/revisions\/6347"}],"wp:attachment":[{"href":"https:\/\/2016.balancosocialbffc.com.br\/index.php\/wp-json\/wp\/v2\/media?parent=5271"}],"curies":[{"name":"wp","href":"https:\/\/api.w.org\/{rel}","templated":true}]}}

<p>[vc_row][vc_column][layerslider_vc id=&#8221;1&#8243;][vc_empty_space][/vc_column][/vc_row][vc_row][vc_column][vc_empty_space height=&#8221;40px&#8221;][/vc_column][/vc_row][vc_row css=&#8221;.vc_custom_1457949259859{margin-bottom: 0px !important;}&#8221; el_class=&#8221;rs_custom_nomargin&#8221;][vc_column][vc_row_inner css=&#8221;.vc_custom_1456387325514{margin-top: -78px !important;margin-right: 0px !important;margin-bottom: 0px !important;margin-left: 0px !important;}&#8221;][vc_column_inner width=&#8221;1/4&#8243; css=&#8221;.vc_custom_1456387244373{padding: 0px !important;}&#8221;]<a href='https://2016.balancosocialbffc.com.br/index.php/historia/' target='_self' title='' class='dt-sc-button   large   green rounded-corner flash h2'  style="font-family:4;font-weight:;font-style:;"> História da BFFC </a>[/vc_column_inner][vc_column_inner width=&#8221;1/4&#8243;]<a href='https://2016.balancosocialbffc.com.br/index.php/institucional/' target='_self' title='' class='dt-sc-button   large   green rounded-corner flash '  style="font-family:4;font-weight:;font-style:;"> Institucional </a>[/vc_column_inner][vc_column_inner width=&#8221;1/4&#8243;]<a href='https://2016.balancosocialbffc.com.br/index.php/depoimentos/' target='_self' title='' class='dt-sc-button   large   green rounded-corner flash '  style="font-family:4;font-weight:;font-style:;"> Depoimentos </a>[/vc_column_inner][vc_column_inner width=&#8221;1/4&#8243;]<a href='https://2016.balancosocialbffc.com.br/index.php/resultados-2016/' target='_self' title='' class='dt-sc-button   large   green rounded-corner flash '  style="font-family:4;font-weight:;font-style:;"> Resultados 2016 </a>[/vc_column_inner][/vc_row_inner][vc_empty_space height=&#8221;50px&#8221;][/vc_column][/vc_row][vc_row][vc_column width=&#8221;1/2&#8243; el_class=&#8221;rs_col-sm-12&#8243;][vc_video link=&#8221;https://vimeo.com/223670538&#8243;][/vc_column][vc_column width=&#8221;1/2&#8243; el_class=&#8221;rs_col-sm-12&#8243;][vc_column_text css=&#8221;.vc_custom_1508336028591{margin-bottom: 20px !important;}&#8221;]</p>
<h2>Mensagem do Presidente</h2>
<h5>Ricardo Bomeny fala sobre a ética nos negócios, sustentabilidade, qualificação profissional e resultados.</h5>
<p>[/vc_column_text][/vc_column][/vc_row][vc_row el_class=&#8221;aligncenter&#8221;][vc_column][vc_empty_space height=&#8221;40px&#8221;][vc_custom_heading text=&#8221;PESSOAS QUE FAZEM A DIFERENÇA&#8221; font_container=&#8221;tag:h2|text_align:center|color:%2360ae0d&#8221; use_theme_fonts=&#8221;yes&#8221;][/vc_column][/vc_row][vc_row full_width=&#8221;stretch_row&#8221; css=&#8221;.vc_custom_1457943526163{background-color: #e6e6e8 !important;}&#8221; el_class=&#8221;vcr_float_right rs_custom_nopadding&#8221;][vc_column width=&#8221;1/2&#8243; col_space=&#8221;no-space&#8221; el_class=&#8221;extend-bg-fullwidth-left&#8221; css=&#8221;.vc_custom_1498475661487{padding-top: 40px !important;padding-right: 80px !important;padding-bottom: 40px !important;background-color: #f5f5f5 !important;}&#8221;][vc_single_image image=&#8221;6047&#8243; img_size=&#8221;full&#8221;][vc_column_text]</p>
<p><em>A BFFC possui uma gestão muito transparente e franca com os seus fornecedores, desde a presidência até os níveis operacionais. Isto proporciona relacionamentos sustentáveis, sólidos e duradouros.</em></p>
<p><em>Um dos grandes valores do grupo BFFC é proporcionar um clima organizacional altamente positivo, visando o engajamento e proximidade de todas as áreas, promovendo maior celeridade nas decisões.</em></p>
<p><em>Além disso, a BFFC se destaca no mercado de trabalho por colocar em prática a igualdade de direitos e oportunidades dentro da organização, o que reforça e consolidar cada vez mais sua posição e reconhecimento como a maior marca de fast food legitimamente brasileira.</em>[/vc_column_text][/vc_column][vc_column width=&#8221;1/2&#8243; col_space=&#8221;no-space&#8221; css=&#8221;.vc_custom_1449493638434{padding-top: 40px !important;padding-bottom: 40px !important;padding-left: 80px !important;}&#8221;][vc_single_image image=&#8221;6046&#8243; img_size=&#8221;full&#8221;][vc_column_text]<em>“Há dois anos tive a grata oportunidade de ter a BFFC como parceira do projeto social ABC do Coração Integrado / WTC Social. Como realizamos um trabalho voltado para crianças muito pequenas, que vivem em regiões de vulnerabilidade precisamos de parceiros que, não só, abracem a causa, mas também tenham a sensibilidade de atender às demandas dos nossos pequeninos. Por dois anos seguidos, o grupo BFFC levou às creches públicas o privilégio de montar uma lanchonete no local e oferecer um lanche de qualidade, com direito a brindes, em uma tarde divertida para as crianças. Sabemos o quanto é difícil para uma família de baixa renda pagar um lanche completo para os filhos em uma lanchonete como o BOB’S. E o quanto este pequeno gesto oferece um momento de alegria e inclusão social para estas famílias. Muito obrigada a todos da BFFC pelo lindo trabalho e pelas doações e espero poder continuar com a nossa parceria.”</em>[/vc_column_text][/vc_column][/vc_row][vc_row][vc_column][vc_empty_space height=&#8221;70px&#8221;][vc_custom_heading text=&#8221;RESPONSABILIDADE SÓCIO EMPRESARIAL&#8221; font_container=&#8221;tag:h2|text_align:center|color:%2360ae0d&#8221; use_theme_fonts=&#8221;yes&#8221;][/vc_column][/vc_row][vc_row bg_type=&#8221;bg_color&#8221;][vc_column width=&#8221;1/2&#8243;][vc_column_text]</p>
<h5>Na BFFC as práticas de responsabilidade social vão além de uma estratégia corporativa. A Companhia tem como princípio equilibrar o retorno econômico, as ações sociais e a conservação da natureza, em prol do bem-estar coletivo da sociedade.</h5>
<h5>Transformar a ideia do desenvolvimento sustentável em uma realidade é o que nos motiva a cada dia, e utilizamos a educação como fio condutor para o alinhamento da nossa Política de Responsabilidade Socioambiental.</h5>
<h5>Buscamos a inovação para disseminar um comportamento socioambiental ainda mais responsável. Trabalhamos na criação de uma política focada na expansão sustentável de nossas marcas, produtos e serviços, e na capacitação de colaboradores e franqueados.</h5>
<h5>Prezamos pela transparência e a ética, sem abrir mão do respeito à diversidade e às leis, da excelência e, cada vez mais, da geração de oportunidades sustentáveis para o nosso negócio e o meio ambiente.</h5>
<p>[/vc_column_text][/vc_column][vc_column width=&#8221;1/2&#8243;][vc_column_text]</p>
<h5>Pensar na rentabilidade aliada a sustentabilidade é o que nos move para promover a conscientização do consumo consciente, junto aos gestores, colaboradores, franqueados e fornecedores.</h5>
<h5>Vamos promover a capacitação de colaboradores e franqueados para o uso consciente dos recursos naturais, além de investir no desenvolvimento de projetos ecologicamente corretos e em novas tecnologias.</h5>
<h5>Desta forma, pretendemos diminuir as desigualdades sociais por meio da formação profissional para jovens carentes, de pessoas com deficiência, terceira idade e apoio a projetos educativos.</h5>
<h5>E para permitir o acesso às informações e o compartilhamento das melhores práticas, contamos com a Universidade Corporativa BFFC, que assegura a aplicação de um processo de gestão do conhecimento de acordo com o direcionamento da empresa.</h5>
<p>[/vc_column_text][/vc_column][/vc_row][vc_row][vc_column][vc_empty_space height=&#8221;15px&#8221;][vc_separator color=&#8221;custom&#8221; border_width=&#8221;2&#8243; accent_color=&#8221;#60ae0d&#8221;][vc_empty_space height=&#8221;15px&#8221;][/vc_column][/vc_row][vc_row bg_type=&#8221;bg_color&#8221; bg_color_value=&#8221;#ffffff&#8221;][vc_column width=&#8221;1/4&#8243;][vc_single_image image=&#8221;6337&#8243; img_size=&#8221;120&#215;63&#8243; alignment=&#8221;center&#8221; onclick=&#8221;custom_link&#8221; link=&#8221;https://2016.balancosocialbffc.com.br/index.php/acoes-sociais-marcas-3/&#8221; css=&#8221;.vc_custom_1594058523729{padding-top: 10px !important;}&#8221;][/vc_column][vc_column width=&#8221;1/4&#8243;][vc_single_image image=&#8221;6333&#8243; img_size=&#8221;127&#215;45&#8243; alignment=&#8221;center&#8221; onclick=&#8221;custom_link&#8221; css=&#8221;.vc_custom_1594058606735{padding-top: 10px !important;}&#8221; link=&#8221;https://2016.balancosocialbffc.com.br/index.php/acoes-sociais-marcas-3/&#8221;][/vc_column][vc_column width=&#8221;1/4&#8243;][vc_single_image image=&#8221;6332&#8243; img_size=&#8221;157&#215;45&#8243; onclick=&#8221;custom_link&#8221; css=&#8221;.vc_custom_1594058623852{padding-top: 10px !important;}&#8221; link=&#8221;https://2016.balancosocialbffc.com.br/index.php/acoes-sociais-marcas-3/&#8221;][/vc_column][vc_column width=&#8221;1/4&#8243;][vc_single_image image=&#8221;6335&#8243; img_size=&#8221;105&#215;65&#8243; onclick=&#8221;custom_link&#8221; css=&#8221;.vc_custom_1594058631632{padding-top: 10px !important;}&#8221; link=&#8221;https://2016.balancosocialbffc.com.br/index.php/acoes-sociais-marcas-3/&#8221;][/vc_column][/vc_row]</p>

<p>[vc_row][vc_column][layerslider_vc id=&#8221;1&#8243;][vc_empty_space][/vc_column][/vc_row][vc_row][vc_column][vc_empty_space height=&#8221;40px&#8221;][/vc_column][/vc_row][vc_row css=&#8221;.vc_custom_1457949259859{margin-bottom: 0px !important;}&#8221; el_class=&#8221;rs_custom_nomargin&#8221;][vc_column][vc_row_inner css=&#8221;.vc_custom_1456387325514{margin-top: -78px !important;margin-right: 0px !important;margin-bottom: 0px !important;margin-left: 0px !important;}&#8221;][vc_column_inner width=&#8221;1/4&#8243; css=&#8221;.vc_custom_1456387244373{padding: 0px !important;}&#8221;][/vc_column_inner][vc_column_inner width=&#8221;1/4&#8243;][/vc_column_inner][vc_column_inner width=&#8221;1/4&#8243;][/vc_column_inner][vc_column_inner width=&#8221;1/4&#8243;][/vc_column_inner][/vc_row_inner][vc_empty_space height=&#8221;50px&#8221;][/vc_column][/vc_row][vc_row][vc_column width=&#8221;1/2&#8243; el_class=&#8221;rs_col-sm-12&#8243;][vc_video link=&#8221;https://vimeo.com/223670538&#8243;][/vc_column][vc_column width=&#8221;1/2&#8243; el_class=&#8221;rs_col-sm-12&#8243;][vc_column_text css=&#8221;.vc_custom_1508336028591{margin-bottom: 20px !important;}&#8221;] Mensagem do Presidente Ricardo Bomeny fala sobre a ética nos negócios, sustentabilidade, qualificação profissional e resultados. [/vc_column_text][/vc_column][/vc_row][vc_row el_class=&#8221;aligncenter&#8221;][vc_column][vc_empty_space height=&#8221;40px&#8221;][vc_custom_heading text=&#8221;PESSOAS QUE FAZEM A [&hellip;]</p>
